{"id":399,"date":"2016-01-03T17:41:35","date_gmt":"2016-01-03T16:41:35","guid":{"rendered":"http:\/\/ftl-auerbach.lima-city.de\/Hubo\/produkt\/hubo-1-11-maxi\/"},"modified":"2023-01-30T21:46:44","modified_gmt":"2023-01-30T20:46:44","slug":"hubo-1-11-maxi","status":"publish","type":"product","link":"https:\/\/ftl-auerbach.lima-city.de\/Hubo\/produkt\/hubo-1-11-maxi\/","title":{"rendered":"Hubo Maxi Rev. 1.11"},"content":{"rendered":"<p>Der <strong>Hubo Maxi Rev. 1.11<\/strong> Bausatz besitzt die gleiche Funktionalit\u00e4t wie der Hubo Digital Rev. 1.11, erweitert diesen jedoch um 8 analoge Eing\u00e4nge (2,5V bei 0,6mV Aufl\u00f6sung). Die Analogeing\u00e4nge besitzen RC-Eingangsfilter zur Unterdr\u00fcckung von St\u00f6rungen durch Schaltnetzteile o.\u00e4..<\/p>\n<p>Mittels der 8 analogen Eing\u00e4nge k\u00f6nnen diverse Sensoren mit Analogausgang angeschlossen werden, z.B. auch die Temperatursensoren MCP970x. Auch eignen sich die analogen Eing\u00e4nge vorz\u00fcglich zum Einlesen von Tastersignalen per Widerstandskette, wenn nur zwei Leitungen zur Verf\u00fcgung stehen, jedoch mehrere Taster (so z.B. 4 Taster) gleichzeitig angeschlossen werden sollen.<\/p>\n<p>Weitere Details zur Hardware Revision 1.11 finden sie <a href=\"http:\/\/ftl-auerbach.lima-city.de\/Hubo\/hubo-hardware\/hubo-1-10\/\" target=\"_blank\" rel=\"noopener noreferrer\">hier<\/a>.<\/p>\n<p>Werfen Sie bitte auch einen Blick auf den <a href=\"http:\/\/ftl-auerbach.lima-city.de\/Hubo\/hubo-hardware\/hardware-vergleich\/\" target=\"_blank\" rel=\"noopener noreferrer\">Vergleich der verschiedenen Hubo-Versionen<\/a>.<\/p>\n<p>Die <a href=\"http:\/\/ftl-auerbach.lima-city.de\/Hubo\/Dokumentation\/Hubo_Technische_Dokumentation_und_Sicherheitshinweise.pdf\" target=\"_blank\" rel=\"noopener noreferrer\">technische Dokumentation<\/a> ist eine Hilfe bei Zusammenbau und Inbetriebnahme und verr\u00e4t Tips zur Verkabelung von Sensoren und Bussystemen.<\/p>\n","protected":false},"excerpt":{"rendered":"<p>Das Standardmodell mit analogen Eing\u00e4ngen sowie digitalen Ein- und Ausg\u00e4ngen und 1wire-Unterst\u00fctzung f\u00fcr gehobene Anspr\u00fcche.<\/p>\n<p> <a class=\"continue-reading-link\" href=\"https:\/\/ftl-auerbach.lima-city.de\/Hubo\/produkt\/hubo-1-11-maxi\/\"><span>Continue reading<\/span><i class=\"crycon-right-dir\"><\/i><\/a> <\/p>\n","protected":false},"featured_media":481,"comment_status":"closed","ping_status":"closed","template":"","meta":[],"product_cat":[23],"product_tag":[],"_links":{"self":[{"href":"https:\/\/ftl-auerbach.lima-city.de\/Hubo\/wp-json\/wp\/v2\/product\/399"}],"collection":[{"href":"https:\/\/ftl-auerbach.lima-city.de\/Hubo\/wp-json\/wp\/v2\/product"}],"about":[{"href":"https:\/\/ftl-auerbach.lima-city.de\/Hubo\/wp-json\/wp\/v2\/types\/product"}],"replies":[{"embeddable":true,"href":"https:\/\/ftl-auerbach.lima-city.de\/Hubo\/wp-json\/wp\/v2\/comments?post=399"}],"wp:featuredmedia":[{"embeddable":true,"href":"https:\/\/ftl-auerbach.lima-city.de\/Hubo\/wp-json\/wp\/v2\/media\/481"}],"wp:attachment":[{"href":"https:\/\/ftl-auerbach.lima-city.de\/Hubo\/wp-json\/wp\/v2\/media?parent=399"}],"wp:term":[{"taxonomy":"product_cat","embeddable":true,"href":"https:\/\/ftl-auerbach.lima-city.de\/Hubo\/wp-json\/wp\/v2\/product_cat?post=399"},{"taxonomy":"product_tag","embeddable":true,"href":"https:\/\/ftl-auerbach.lima-city.de\/Hubo\/wp-json\/wp\/v2\/product_tag?post=399"}],"curies":[{"name":"wp","href":"https:\/\/api.w.org\/{rel}","templated":true}]}}