{"id":332,"date":"2015-12-09T00:22:20","date_gmt":"2015-12-08T23:22:20","guid":{"rendered":"http:\/\/ftl-auerbach.lima-city.de\/Hubo\/?post_type=product&#038;p=332"},"modified":"2021-12-08T22:39:13","modified_gmt":"2021-12-08T21:39:13","slug":"hubo-1-00-digital","status":"publish","type":"product","link":"https:\/\/ftl-auerbach.lima-city.de\/Hubo\/produkt\/hubo-1-00-digital\/","title":{"rendered":"Hubo Digital Rev. 1.03"},"content":{"rendered":"<p>Der <strong>Hubo Digital Rev. 1.03<\/strong> Bausatz bietet einen ersten Einstieg in die digitale Steuerung. Bereits diese Ausbaustufe l\u00e4\u00dft sich per Flachbandkabel um 3 zus\u00e4tzliche Module erweitern. Sofern\u00a0 sp\u00e4ter gew\u00fcnscht, <strong>kann der analoge Teil nachtr\u00e4glich erg\u00e4nzt werden<\/strong>. Mittels der 4 integrierten Relais lassen sich auch ohne zus\u00e4tzliche Relaisplatine direkt h\u00f6here Lasten schalten. Die 3 (bzw. 4, sofern der 1wire Bus nicht ben\u00f6tigt werden sollte) offenen Kollektorausg\u00e4nge k\u00f6nnen genutzt werden, um damit z.B. Koppelrelais zu schalten. Der 1wire-Bus erlaubt die Anbindung von 1wire Sensoren, so z.B. den Temperatursensoren DS18x20 und anderen 1wire Modulen. Der Hubo verf\u00fcgt \u00fcber eine Steckoption f\u00fcr eine batteriegepufferte Echtzeituhr, womit die Uhrzeit auch bei einem Stromausfall und ohne Netzwerk erhalten bleibt.<\/p>\n<p>Weitere Details zur Hardware Revision 1.03 finden sie <a href=\"http:\/\/ftl-auerbach.lima-city.de\/Hubo\/hubo-hardware\/hubo-1-03\/\" target=\"_blank\" rel=\"noopener noreferrer\">hier<\/a>.<\/p>\n<p>Werfen Sie bitte auch einen Blick auf den <a href=\"http:\/\/ftl-auerbach.lima-city.de\/Hubo\/hubo-hardware\/hardware-vergleich\/\" target=\"_blank\" rel=\"noopener noreferrer\">Vergleich der verschiedenen Hubo-Versionen<\/a>.<\/p>\n<p>Die <a href=\"http:\/\/ftl-auerbach.lima-city.de\/Hubo\/Dokumentation\/Hubo_Technische_Dokumentation_und_Sicherheitshinweise.pdf\" target=\"_blank\" rel=\"noopener noreferrer\">technische Dokumentation<\/a> ist eine Hilfe bei Zusammenbau und Inbetriebnahme und verr\u00e4t Tips zur Verkabelung von Sensoren und Bussystemen.<\/p>\n","protected":false},"excerpt":{"rendered":"<p>Das Einstiegsmodell mit digitalen Ein- und Ausg\u00e4ngen sowie 1wire-Unterst\u00fctzung.<\/p>\n<p> <a class=\"continue-reading-link\" href=\"https:\/\/ftl-auerbach.lima-city.de\/Hubo\/produkt\/hubo-1-00-digital\/\"><span>Continue reading<\/span><i class=\"crycon-right-dir\"><\/i><\/a> <\/p>\n","protected":false},"featured_media":485,"comment_status":"closed","ping_status":"closed","template":"","meta":[],"product_cat":[22],"product_tag":[],"_links":{"self":[{"href":"https:\/\/ftl-auerbach.lima-city.de\/Hubo\/wp-json\/wp\/v2\/product\/332"}],"collection":[{"href":"https:\/\/ftl-auerbach.lima-city.de\/Hubo\/wp-json\/wp\/v2\/product"}],"about":[{"href":"https:\/\/ftl-auerbach.lima-city.de\/Hubo\/wp-json\/wp\/v2\/types\/product"}],"replies":[{"embeddable":true,"href":"https:\/\/ftl-auerbach.lima-city.de\/Hubo\/wp-json\/wp\/v2\/comments?post=332"}],"wp:featuredmedia":[{"embeddable":true,"href":"https:\/\/ftl-auerbach.lima-city.de\/Hubo\/wp-json\/wp\/v2\/media\/485"}],"wp:attachment":[{"href":"https:\/\/ftl-auerbach.lima-city.de\/Hubo\/wp-json\/wp\/v2\/media?parent=332"}],"wp:term":[{"taxonomy":"product_cat","embeddable":true,"href":"https:\/\/ftl-auerbach.lima-city.de\/Hubo\/wp-json\/wp\/v2\/product_cat?post=332"},{"taxonomy":"product_tag","embeddable":true,"href":"https:\/\/ftl-auerbach.lima-city.de\/Hubo\/wp-json\/wp\/v2\/product_tag?post=332"}],"curies":[{"name":"wp","href":"https:\/\/api.w.org\/{rel}","templated":true}]}}