{"id":1489,"date":"2019-08-17T14:23:55","date_gmt":"2019-08-17T12:23:55","guid":{"rendered":"http:\/\/ftl-auerbach.lima-city.de\/Hubo\/?post_type=product&#038;p=1489"},"modified":"2024-04-17T20:21:45","modified_gmt":"2024-04-17T18:21:45","slug":"servo-ueberlastschutz","status":"publish","type":"product","link":"https:\/\/ftl-auerbach.lima-city.de\/Hubo\/produkt\/servo-ueberlastschutz\/","title":{"rendered":"Servo \u00dcberlastschutz"},"content":{"rendered":"<p>Der <strong>Servo \u00dcberlastschutz<\/strong> begrenzt den maximalen Stromflu\u00df durch den Servo (z.B. bei blockierenden Fahrwerken, Klappen\u2026) und verhindert somit einen fr\u00fchzeitigen Ausfall anderer Komponenten des RC-Modells. Erreicht wird dies durch den Einsatz von Polymersicherungen. Bauartbedingt erlauben diese Sicherungen auch eine kurzfristige h\u00f6here Stromentnahme, soda\u00df Stromspitzen (z.B. digitaler Servos) abgefangen werden, ohne da\u00df dies zum Abschalten des Servos f\u00fchrt. Die Sicherungen sind selbstr\u00fcckstellend nach einer Stromunterbrechung. D.h. wird die Stromversorgung getrennt oder sinkt der Stromflu\u00df aufgrund der Beseitigung der St\u00f6rung, so wird die Sicherung automatisch wieder leitend.<\/p>\n<p>Die Platine besitzt die folgenden Eigenschaften:<\/p>\n<ul>\n<li>2 kanalige Ausf\u00fchrung zur Absicherung von zwei Servos pro Platine<\/li>\n<li>Getrennte Massef\u00fchrung der Kan\u00e4le zur Vermeidung von Stromschleifen<\/li>\n<li>Strombelastbarkeit bis zu 5A bei 24V<\/li>\n<li>Best\u00fcckungsm\u00f6glichkeit von SMD-Sicherungen der Baugr\u00f6\u00dfen 2920 und 2016, alternativ auch mit bedrahteten Sicherungen<\/li>\n<li>Versetzte Sicherungen auf Vor- und R\u00fcckseite zur besseren W\u00e4rmeableitung und \u2013entkopplung<\/li>\n<li>kleine Abmessung (10x28mm) zur Montage im Schrumpfschlauch<\/li>\n<\/ul>\n<p>Beachten Sie bitte, da\u00df wir aufgrund oben genannter Abh\u00e4ngigkeiten keinerlei Haftung f\u00fcr Sch\u00e4den oder Verlust Ihres Modelles beim Einsatz unserer Sicherungsplatine \u00fcbernehmen k\u00f6nnen. N\u00e4here Informationen einschlie\u00dflich Sicherheitshinweisen finden Sie in in der <a href=\"http:\/\/ftl-auerbach.lima-city.de\/Hubo\/Dokumentation\/Modellbau_Technische_Dokumentation_und_Sicherheitshinweise.pdf\" target=\"_blank\" rel=\"noopener noreferrer\">technischen Dokumentation<\/a>.<\/p>\n","protected":false},"excerpt":{"rendered":"<p>Platine zur \u00dcberlastsicherung von bis zu zwei Modellbau Servos.<\/p>\n<p> <a class=\"continue-reading-link\" href=\"https:\/\/ftl-auerbach.lima-city.de\/Hubo\/produkt\/servo-ueberlastschutz\/\"><span>Continue reading<\/span><i class=\"crycon-right-dir\"><\/i><\/a> <\/p>\n","protected":false},"featured_media":1491,"comment_status":"closed","ping_status":"closed","template":"","meta":[],"product_cat":[41],"product_tag":[],"_links":{"self":[{"href":"https:\/\/ftl-auerbach.lima-city.de\/Hubo\/wp-json\/wp\/v2\/product\/1489"}],"collection":[{"href":"https:\/\/ftl-auerbach.lima-city.de\/Hubo\/wp-json\/wp\/v2\/product"}],"about":[{"href":"https:\/\/ftl-auerbach.lima-city.de\/Hubo\/wp-json\/wp\/v2\/types\/product"}],"replies":[{"embeddable":true,"href":"https:\/\/ftl-auerbach.lima-city.de\/Hubo\/wp-json\/wp\/v2\/comments?post=1489"}],"wp:featuredmedia":[{"embeddable":true,"href":"https:\/\/ftl-auerbach.lima-city.de\/Hubo\/wp-json\/wp\/v2\/media\/1491"}],"wp:attachment":[{"href":"https:\/\/ftl-auerbach.lima-city.de\/Hubo\/wp-json\/wp\/v2\/media?parent=1489"}],"wp:term":[{"taxonomy":"product_cat","embeddable":true,"href":"https:\/\/ftl-auerbach.lima-city.de\/Hubo\/wp-json\/wp\/v2\/product_cat?post=1489"},{"taxonomy":"product_tag","embeddable":true,"href":"https:\/\/ftl-auerbach.lima-city.de\/Hubo\/wp-json\/wp\/v2\/product_tag?post=1489"}],"curies":[{"name":"wp","href":"https:\/\/api.w.org\/{rel}","templated":true}]}}