{"id":1055,"date":"2017-10-01T15:03:26","date_gmt":"2017-10-01T13:03:26","guid":{"rendered":"http:\/\/ftl-auerbach.lima-city.de\/Hubo\/produkt\/hubo-optol-rev-3-00\/"},"modified":"2023-09-26T13:46:28","modified_gmt":"2023-09-26T11:46:28","slug":"hubo-opto-3-00","status":"publish","type":"product","link":"https:\/\/ftl-auerbach.lima-city.de\/Hubo\/produkt\/hubo-opto-3-00\/","title":{"rendered":"Hubo Opto Rev. 3.00"},"content":{"rendered":"<p>Der <strong>Hubo Opto Rev. 3.00<\/strong> Bausatz wude f\u00fcr den Einsatz in gr\u00f6\u00dferen Projekten entwickelt wo viele Ein- und Ausg\u00e4nge erforderlich sind und mit gr\u00f6\u00dferen St\u00f6rquellen gerechnet werden mu\u00df. Die Module lassen sich auf bis zu 8 erweitern, womit sich bis zu 64 Ein- und\u00a0 64 Ausg\u00e4nge realisieren lassen. Die 24V IO Schnittstellen sind galvanisch getrennt.<\/p>\n<ul>\n<li>8 optoelektronisch entkoppelte, verpolungssichere, \u00fcberspannungstolerante und gefilterte Eing\u00e4nge f\u00fcr 24V AC\/DC<\/li>\n<li>8 optoelektronisch entkoppelte und \u00fcberspannungstolerante Ausg\u00e4nge f\u00fcr 24V DC (z.B. zum Anschlu\u00df von Koppelrelais)<\/li>\n<li>Option f\u00fcr unterschiedliche DS3231 RTC Module<\/li>\n<li>Option f\u00fcr verschiedene 433MHz Sendemodule zum Betrieb von Funkmodulen<\/li>\n<li>Strombegrenzungen der Kreise durch Polyfuse Sicherungen<\/li>\n<li>1wire Bus abgesichert gegen \u00dcberspannung und auf 5V pegelgewandelt<\/li>\n<li>Kaskadierung von bis zu 8 Modulen<\/li>\n<\/ul>\n<p>Dieses Modell empfielt sich insbesonders bei Installationen, wo Erdschleifen oder anderweitige Potentialprobleme bestehen oder \u00dcbersprechen aufgrund der Verlegeart der Sensorkabel nicht ausgeschlossen werden kann. Das Modul ist kompatibel zu allen anderen Modulen der Hubo Modellreihe.<\/p>\n<p>Weitere Details zur Hardware Revision 3.00 finden sie <a href=\"http:\/\/ftl-auerbach.lima-city.de\/Hubo\/hubo-hardware\/hubo-3-00\/\" target=\"_blank\" rel=\"noopener noreferrer\">hier<\/a>.<\/p>\n<p>Werfen Sie bitte auch einen Blick auf den <a href=\"http:\/\/ftl-auerbach.lima-city.de\/Hubo\/hubo-hardware\/hardware-vergleich\/\" target=\"_blank\" rel=\"noopener noreferrer\">Vergleich der verschiedenen Hubo-Versionen<\/a>.<\/p>\n<p>Die vollst\u00e4ndige elektrische und mechanische Spezifikation ist Bestandteil der <a href=\"http:\/\/ftl-auerbach.lima-city.de\/Hubo\/Dokumentation\/Hubo_Technische_Dokumentation_und_Sicherheitshinweise.pdf\" target=\"_blank\" rel=\"noopener noreferrer\">technischen Dokumentation<\/a> und liefert zudem Hilfe bei Zusammenbau und Inbetriebnahme.<\/p>\n","protected":false},"excerpt":{"rendered":"<p>Das Standardmodell mit 24V Schnittstellen sowie 1wire-Unterst\u00fctzung f\u00fcr gr\u00f6\u00dfere Installationen.<\/p>\n<p> <a class=\"continue-reading-link\" href=\"https:\/\/ftl-auerbach.lima-city.de\/Hubo\/produkt\/hubo-opto-3-00\/\"><span>Continue reading<\/span><i class=\"crycon-right-dir\"><\/i><\/a> <\/p>\n","protected":false},"featured_media":1305,"comment_status":"closed","ping_status":"closed","template":"","meta":[],"product_cat":[23],"product_tag":[],"_links":{"self":[{"href":"https:\/\/ftl-auerbach.lima-city.de\/Hubo\/wp-json\/wp\/v2\/product\/1055"}],"collection":[{"href":"https:\/\/ftl-auerbach.lima-city.de\/Hubo\/wp-json\/wp\/v2\/product"}],"about":[{"href":"https:\/\/ftl-auerbach.lima-city.de\/Hubo\/wp-json\/wp\/v2\/types\/product"}],"replies":[{"embeddable":true,"href":"https:\/\/ftl-auerbach.lima-city.de\/Hubo\/wp-json\/wp\/v2\/comments?post=1055"}],"wp:featuredmedia":[{"embeddable":true,"href":"https:\/\/ftl-auerbach.lima-city.de\/Hubo\/wp-json\/wp\/v2\/media\/1305"}],"wp:attachment":[{"href":"https:\/\/ftl-auerbach.lima-city.de\/Hubo\/wp-json\/wp\/v2\/media?parent=1055"}],"wp:term":[{"taxonomy":"product_cat","embeddable":true,"href":"https:\/\/ftl-auerbach.lima-city.de\/Hubo\/wp-json\/wp\/v2\/product_cat?post=1055"},{"taxonomy":"product_tag","embeddable":true,"href":"https:\/\/ftl-auerbach.lima-city.de\/Hubo\/wp-json\/wp\/v2\/product_tag?post=1055"}],"curies":[{"name":"wp","href":"https:\/\/api.w.org\/{rel}","templated":true}]}}