{"id":765,"date":"2016-09-06T18:00:46","date_gmt":"2016-09-06T16:00:46","guid":{"rendered":"http:\/\/ftl-auerbach.lima-city.de\/Hubo\/?page_id=765"},"modified":"2016-09-06T18:25:54","modified_gmt":"2016-09-06T16:25:54","slug":"openhab-analoge-eingaenge","status":"publish","type":"page","link":"https:\/\/ftl-auerbach.lima-city.de\/Hubo\/automation\/openhab-integration\/openhab-analoge-eingaenge\/","title":{"rendered":"Analoge Eing\u00e4nge"},"content":{"rendered":"<p class=\"western\"><strong>Aufgabenstellung<\/strong><\/p>\n<p class=\"western\">\u00c4hnlich den digitalen Eing\u00e4ngen sollen die 8 analogen Eing\u00e4nge des Hubo eingelesen werden. Dies erfolgt wiederum mittels des exec-Bindings und des Beispielprogramms <a href=\"http:\/\/ftl-auerbach.lima-city.de\/Hubo\/Hubo_C++_Library\/Documentation\/_get_analog_input_8cpp_source.html\" target=\"_blank\">GetAnalogInput<\/a> der Hubo Library.<\/p>\n<p class=\"western\">Das folgende Bild zeigt die Werte der analogen Eing\u00e4nge des AD-Wandlers (MCP3208).<\/p>\n<p class=\"western\"><a href=\"http:\/\/ftl-auerbach.lima-city.de\/Hubo\/wp-content\/uploads\/2016\/09\/openHAB_HuboAnalogeingaenge.jpg\" rel=\"attachment wp-att-768\"><img loading=\"lazy\" class=\"alignnone size-full wp-image-768\" src=\"http:\/\/ftl-auerbach.lima-city.de\/Hubo\/wp-content\/uploads\/2016\/09\/openHAB_HuboAnalogeingaenge.jpg\" alt=\"openHAB_HuboAnalogeingaenge\" width=\"633\" height=\"546\" srcset=\"https:\/\/ftl-auerbach.lima-city.de\/Hubo\/wp-content\/uploads\/2016\/09\/openHAB_HuboAnalogeingaenge.jpg 633w, https:\/\/ftl-auerbach.lima-city.de\/Hubo\/wp-content\/uploads\/2016\/09\/openHAB_HuboAnalogeingaenge-300x259.jpg 300w, https:\/\/ftl-auerbach.lima-city.de\/Hubo\/wp-content\/uploads\/2016\/09\/openHAB_HuboAnalogeingaenge-150x129.jpg 150w, https:\/\/ftl-auerbach.lima-city.de\/Hubo\/wp-content\/uploads\/2016\/09\/openHAB_HuboAnalogeingaenge-174x150.jpg 174w, https:\/\/ftl-auerbach.lima-city.de\/Hubo\/wp-content\/uploads\/2016\/09\/openHAB_HuboAnalogeingaenge-600x518.jpg 600w, https:\/\/ftl-auerbach.lima-city.de\/Hubo\/wp-content\/uploads\/2016\/09\/openHAB_HuboAnalogeingaenge-77x66.jpg 77w, https:\/\/ftl-auerbach.lima-city.de\/Hubo\/wp-content\/uploads\/2016\/09\/openHAB_HuboAnalogeingaenge-257x222.jpg 257w, https:\/\/ftl-auerbach.lima-city.de\/Hubo\/wp-content\/uploads\/2016\/09\/openHAB_HuboAnalogeingaenge-514x443.jpg 514w\" sizes=\"(max-width: 633px) 100vw, 633px\" \/><\/a><\/p>\n<p>&nbsp;<\/p>\n<p class=\"western\"><strong>L\u00f6sung<\/strong><\/p>\n<p class=\"western\">Zum Einlesen des analogen Eingangs 5 erh\u00e4lt die items Datei den folgenden Eintrag:<\/p>\n<pre class=\"brush: plain; title: ; notranslate\" title=\"\">\r\nNumber\tAnalogInput5 &quot;Eingang 5  [%d]&quot; &lt;line&gt; (Hubo_Analog_Input {exec=&quot;&lt;[\/home\/pi\/HuboDemo\/GetAnalogInput\/.\/GetAnalogInput 5:1000:]&quot;}\r\n<\/pre>\n","protected":false},"excerpt":{"rendered":"<p>Aufgabenstellung \u00c4hnlich den digitalen Eing\u00e4ngen sollen die 8 analogen Eing\u00e4nge des Hubo eingelesen werden. Dies erfolgt wiederum mittels des exec-Bindings und des Beispielprogramms GetAnalogInput der Hubo Library. Das folgende Bild zeigt die Werte der analogen Eing\u00e4nge des AD-Wandlers (MCP3208). &nbsp; L\u00f6sung Zum Einlesen des analogen Eingangs 5 erh\u00e4lt die items\u2026<\/p>\n<p> <a class=\"continue-reading-link\" href=\"https:\/\/ftl-auerbach.lima-city.de\/Hubo\/automation\/openhab-integration\/openhab-analoge-eingaenge\/\"><span>Continue reading<\/span><i class=\"crycon-right-dir\"><\/i><\/a> <\/p>\n","protected":false},"author":1,"featured_media":0,"parent":704,"menu_order":0,"comment_status":"closed","ping_status":"closed","template":"","meta":[],"_links":{"self":[{"href":"https:\/\/ftl-auerbach.lima-city.de\/Hubo\/wp-json\/wp\/v2\/pages\/765"}],"collection":[{"href":"https:\/\/ftl-auerbach.lima-city.de\/Hubo\/wp-json\/wp\/v2\/pages"}],"about":[{"href":"https:\/\/ftl-auerbach.lima-city.de\/Hubo\/wp-json\/wp\/v2\/types\/page"}],"author":[{"embeddable":true,"href":"https:\/\/ftl-auerbach.lima-city.de\/Hubo\/wp-json\/wp\/v2\/users\/1"}],"replies":[{"embeddable":true,"href":"https:\/\/ftl-auerbach.lima-city.de\/Hubo\/wp-json\/wp\/v2\/comments?post=765"}],"version-history":[{"count":8,"href":"https:\/\/ftl-auerbach.lima-city.de\/Hubo\/wp-json\/wp\/v2\/pages\/765\/revisions"}],"predecessor-version":[{"id":792,"href":"https:\/\/ftl-auerbach.lima-city.de\/Hubo\/wp-json\/wp\/v2\/pages\/765\/revisions\/792"}],"up":[{"embeddable":true,"href":"https:\/\/ftl-auerbach.lima-city.de\/Hubo\/wp-json\/wp\/v2\/pages\/704"}],"wp:attachment":[{"href":"https:\/\/ftl-auerbach.lima-city.de\/Hubo\/wp-json\/wp\/v2\/media?parent=765"}],"curies":[{"name":"wp","href":"https:\/\/api.w.org\/{rel}","templated":true}]}}