{"id":246,"date":"2015-12-03T10:35:14","date_gmt":"2015-12-03T10:35:14","guid":{"rendered":"http:\/\/ftl-auerbach.lima-city.de\/Hubo\/?page_id=246"},"modified":"2019-11-24T22:22:49","modified_gmt":"2019-11-24T21:22:49","slug":"hardware-vergleich","status":"publish","type":"page","link":"https:\/\/ftl-auerbach.lima-city.de\/Hubo\/hubo-hardware\/hardware-vergleich\/","title":{"rendered":"Vergleich der Hardware Revisionen"},"content":{"rendered":"<p><strong>Vergleich der verschiedenen Hardware Revisionen Hubos<\/strong><br \/>\n\n<table id=\"tablepress-1\" class=\"tablepress tablepress-id-1\">\n<thead>\n<tr class=\"row-1 odd\">\n\t<th class=\"column-1\">Funktionen des Bausatzes<\/th><th class=\"column-2\">Hubo Digital <br\/>Rev. 1.03<\/th><th class=\"column-3\">Hubo Maxi <br\/>Rev. 1.03<\/th><th class=\"column-4\">Hubo Digital <br\/>Rev. 1.11<\/th><th class=\"column-5\">Hubo Maxi <br\/>Rev. 1.11<\/th><th class=\"column-6\">Hubo Maxi <br\/>Rev. 2.01<\/th><th class=\"column-7\">Hubo Opto <br\/>Rev. 3.00<\/th>\n<\/tr>\n<\/thead>\n<tbody class=\"row-hover\">\n<tr class=\"row-2 even\">\n\t<td class=\"column-1\">Unterst\u00fctzte Kleincomputer<\/td><td class=\"column-2\">Raspberry Pi, Banana Pi, Orange Pi, Nano Pi<\/td><td class=\"column-3\">Raspberry Pi, Banana Pi, Orange Pi, Nano Pi<\/td><td class=\"column-4\">Raspberry Pi, Banana Pi, Orange Pi, Nano Pi<\/td><td class=\"column-5\">Raspberry Pi, Banana Pi, Orange Pi, Nano Pi<\/td><td class=\"column-6\">Raspberry Pi, Banana Pi, Orange Pi, Nano Pi<\/td><td class=\"column-7\">Raspberry Pi, Banana Pi, Orange Pi, Nano Pi<\/td>\n<\/tr>\n<tr class=\"row-3 odd\">\n\t<td class=\"column-1\">Digitale Eing\u00e4nge<\/td><td class=\"column-2\">8 (Schlie\u00dfer)<\/td><td class=\"column-3\">8 (Schlie\u00dfer)<\/td><td class=\"column-4\">8 (Schlie\u00dfer)<\/td><td class=\"column-5\">8 (Schlie\u00dfer)<\/td><td class=\"column-6\">8 (Schlie\u00dfer)<\/td><td class=\"column-7\">8 (24V AC\/DC,<br \/>\ngalvanisch getrennt)<\/td>\n<\/tr>\n<tr class=\"row-4 even\">\n\t<td class=\"column-1\">Analoge Eing\u00e4nge<\/td><td class=\"column-2\">nein (siehe 1)<\/td><td class=\"column-3\">8<\/td><td class=\"column-4\">nein (siehe 1)<\/td><td class=\"column-5\">8<\/td><td class=\"column-6\">7<\/td><td class=\"column-7\">nein<\/td>\n<\/tr>\n<tr class=\"row-5 odd\">\n\t<td class=\"column-1\">Separater analoger GND (AGND)<\/td><td class=\"column-2\">nein<\/td><td class=\"column-3\">nein<\/td><td class=\"column-4\">nein<\/td><td class=\"column-5\">nein<\/td><td class=\"column-6\">ja<\/td><td class=\"column-7\">nein<\/td>\n<\/tr>\n<tr class=\"row-6 even\">\n\t<td class=\"column-1\">Digitale Ausg\u00e4nge (Relais 5A, 250V)<\/td><td class=\"column-2\">4<\/td><td class=\"column-3\">4<\/td><td class=\"column-4\">4<\/td><td class=\"column-5\">4<\/td><td class=\"column-6\">4<\/td><td class=\"column-7\">nein<\/td>\n<\/tr>\n<tr class=\"row-7 odd\">\n\t<td class=\"column-1\">Digitale Ausg\u00e4nge (OC)<\/td><td class=\"column-2\">3\/4 (siehe 2)<\/td><td class=\"column-3\">3\/4 (siehe 2)<\/td><td class=\"column-4\">3\/4 (siehe 2)<\/td><td class=\"column-5\">3\/4 (siehe 2)<\/td><td class=\"column-6\">3\/4 (siehe 2)<\/td><td class=\"column-7\">8 (galvanisch getrennt)<\/td>\n<\/tr>\n<tr class=\"row-8 even\">\n\t<td class=\"column-1\">1wire Bus<\/td><td class=\"column-2\">ja (siehe 2)<\/td><td class=\"column-3\">ja (siehe 2)<\/td><td class=\"column-4\">ja (siehe 2)<\/td><td class=\"column-5\">ja (siehe 2)<\/td><td class=\"column-6\">ja (siehe 2)<\/td><td class=\"column-7\">ja<\/td>\n<\/tr>\n<tr class=\"row-9 odd\">\n\t<td class=\"column-1\">\u00dcberspannungsschutz f\u00fcr 1wire Bus<\/td><td class=\"column-2\">nein<\/td><td class=\"column-3\">nein<\/td><td class=\"column-4\">ja<\/td><td class=\"column-5\">ja<\/td><td class=\"column-6\">ja<\/td><td class=\"column-7\">ja<\/td>\n<\/tr>\n<tr class=\"row-10 even\">\n\t<td class=\"column-1\">externer I2C-Bus<\/td><td class=\"column-2\">ja<br \/>\n<\/td><td class=\"column-3\">ja<\/td><td class=\"column-4\">ja<\/td><td class=\"column-5\">ja<\/td><td class=\"column-6\">ja<\/td><td class=\"column-7\">ja<\/td>\n<\/tr>\n<tr class=\"row-11 odd\">\n\t<td class=\"column-1\">Anzahl kaskadierbarer Module<\/td><td class=\"column-2\">4<\/td><td class=\"column-3\">4<\/td><td class=\"column-4\">4<\/td><td class=\"column-5\">4<\/td><td class=\"column-6\">4<\/td><td class=\"column-7\">8<\/td>\n<\/tr>\n<tr class=\"row-12 even\">\n\t<td class=\"column-1\">Kaskadierung erfolgt per<\/td><td class=\"column-2\">Flachbandkabel<\/td><td class=\"column-3\">Flachbandkabel<\/td><td class=\"column-4\">Anschlu\u00dfklemme \/ Flachbandkabel<\/td><td class=\"column-5\">Anschlu\u00dfklemme \/ Flachbandkabel<\/td><td class=\"column-6\">Anschlu\u00dfklemme \/ Flachbandkabel<\/td><td class=\"column-7\">Anschlu\u00dfklemme \/ Flachbandkabel<\/td>\n<\/tr>\n<tr class=\"row-13 odd\">\n\t<td class=\"column-1\">Elektronische Sicherung<\/td><td class=\"column-2\">nein<\/td><td class=\"column-3\">nein<\/td><td class=\"column-4\">ja<\/td><td class=\"column-5\">ja<\/td><td class=\"column-6\">ja<\/td><td class=\"column-7\">ja<\/td>\n<\/tr>\n<tr class=\"row-14 even\">\n\t<td class=\"column-1\">Option f\u00fcr Echtzeituhr DS3231<\/td><td class=\"column-2\">ja<\/td><td class=\"column-3\">ja<\/td><td class=\"column-4\">ja<\/td><td class=\"column-5\">ja<\/td><td class=\"column-6\">ja<\/td><td class=\"column-7\">ja<\/td>\n<\/tr>\n<tr class=\"row-15 odd\">\n\t<td class=\"column-1\">Option f\u00fcr 8 Kanal Lastrelaiskarte<\/td><td class=\"column-2\">ja<\/td><td class=\"column-3\">ja<\/td><td class=\"column-4\">ja<\/td><td class=\"column-5\">ja<\/td><td class=\"column-6\">ja<\/td><td class=\"column-7\">nein<\/td>\n<\/tr>\n<tr class=\"row-16 even\">\n\t<td class=\"column-1\">Option zur Betriebsspannungs\u00fcberwachung<\/td><td class=\"column-2\">nein<\/td><td class=\"column-3\">nein<\/td><td class=\"column-4\">nein<\/td><td class=\"column-5\">nein<\/td><td class=\"column-6\">ja<\/td><td class=\"column-7\">nein<\/td>\n<\/tr>\n<tr class=\"row-17 odd\">\n\t<td class=\"column-1\">Option zur Best\u00fcckung von Varistoren<\/td><td class=\"column-2\">nein<\/td><td class=\"column-3\">nein<\/td><td class=\"column-4\">ja<\/td><td class=\"column-5\">ja<\/td><td class=\"column-6\">ja<\/td><td class=\"column-7\">nicht erforderlich<\/td>\n<\/tr>\n<tr class=\"row-18 even\">\n\t<td class=\"column-1\">Option f\u00fcr 433MHz Sendemodul<\/td><td class=\"column-2\">nein<\/td><td class=\"column-3\">nein<\/td><td class=\"column-4\">ja<\/td><td class=\"column-5\">ja<\/td><td class=\"column-6\">nein<\/td><td class=\"column-7\">ja<\/td>\n<\/tr>\n<tr class=\"row-19 odd\">\n\t<td class=\"column-1\"><strong>Im Shop (siehe 3)<\/strong><\/td><td class=\"column-2\"><a href=\"http:\/\/ftl-auerbach.lima-city.de\/Hubo\/produkt\/hubo-1-00-digital\/\" target=\"_blank\"><font color=\"#0000FF\"><strong>zum Artikel<\/strong><\/font><\/a><\/td><td class=\"column-3\"><a href=\"http:\/\/ftl-auerbach.lima-city.de\/Hubo\/produkt\/hubo-1-00-maxi\/\" target=\"_blank\"><font color=\"#0000FF\"><strong>zum Artikel<\/strong><\/font><\/a><\/td><td class=\"column-4\"><a href=\"http:\/\/ftl-auerbach.lima-city.de\/Hubo\/produkt\/hubo-1-11-digital\/\" target=\"_blank\"><font color=\"#0000FF\"><strong>zum Artikel<\/strong><\/font><\/a><\/td><td class=\"column-5\"><a href=\"http:\/\/ftl-auerbach.lima-city.de\/Hubo\/produkt\/hubo-1-11-maxi\/\" target=\"_blank\"><font color=\"#0000FF\"><strong>zum Artikel<\/strong><\/font><\/a><\/td><td class=\"column-6\"><a href=\"http:\/\/ftl-auerbach.lima-city.de\/Hubo\/produkt\/hubo-maxi-2-01\" target=\"_blank\"><font color=\"#0000FF\"><strong>zum Artikel<\/strong><\/font><\/a><\/td><td class=\"column-7\"><a href=\"http:\/\/ftl-auerbach.lima-city.de\/Hubo\/produkt\/hubo-opto-3-00\/\" target=\"_blank\"><font color=\"#0000FF\"><strong>zum Artikel<\/strong><\/font><\/a><\/td>\n<\/tr>\n<\/tbody>\n<tfoot>\n<tr class=\"row-20 even\">\n\t<th class=\"column-1\">Unverbindliches Angebot anfordern (siehe 3)<\/th><th class=\"column-2\"><a href=\"mailto:Ftl-Auerbach@gmx.de?subject=Angebotsanfrage Hubo 1.03 Digital&amp;body=Sehr geehrte Damen und Herren,%0D%0A%0D%0Ahiermit bitte ich um Unterbreitung eines Angebotes f\u00fcr (Unzutreffendes bitte streichen):%0D%0A- 1 x Hubo 1.03 Maxi%0D%0A- 1 x Hubo 1.03 Digital%0D%0A- 1 x Hubo 1.11 Maxi%0D%0A- 1 x Hubo 1.11 Digital%0D%0A- 1 x Hubo 2.01 Maxi%0D%0A- 1 x Hubo 3.00 Opto%0D%0A%0D%0AMit freundlichen Gr\u00fc\u00dfen%0D%0A%0D%0A<Bitte geben Sie hier Ihre vollst\u00e4ndige Anschrift an.>%0D%0A\"><font color=\"#0000FF\">Hubo Digital <br\/>Rev. 1.03<font\/><\/a><\/th><th class=\"column-3\"><a href=\"mailto:Ftl-Auerbach@gmx.de?subject=Angebotsanfrage Hubo 1.03 Maxi&amp;body=Sehr geehrte Damen und Herren,%0D%0A%0D%0Ahiermit bitte ich um Unterbreitung eines Angebotes f\u00fcr (Unzutreffendes bitte streichen):%0D%0A- 1 x Hubo 1.03 Maxi%0D%0A- 1 x Hubo 1.03 Digital%0D%0A- 1 x Hubo 1.11 Maxi%0D%0A- 1 x Hubo 1.11 Digital%0D%0A- 1 x Hubo 2.01 Maxi%0D%0A- 1 x Hubo 3.00 Opto%0D%0A%0D%0AMit freundlichen Gr\u00fc\u00dfen%0D%0A%0D%0A<Bitte geben Sie hier Ihre vollst\u00e4ndige Anschrift an.>%0D%0A\"><font color=\"#0000FF\">Hubo Maxi <br\/>Rev. 1.03<font\/><\/a><\/th><th class=\"column-4\"><a href=\"mailto:Ftl-Auerbach@gmx.de?subject=Angebotsanfrage Hubo 1.11 Digital&amp;body=Sehr geehrte Damen und Herren,%0D%0A%0D%0Ahiermit bitte ich um Unterbreitung eines Angebotes f\u00fcr (Unzutreffendes bitte streichen):%0D%0A- 1 x Hubo 1.03 Maxi%0D%0A- 1 x Hubo 1.03 Digital%0D%0A- 1 x Hubo 1.11 Maxi%0D%0A- 1 x Hubo 1.11 Digital%0D%0A- 1 x Hubo 2.01 Maxi%0D%0A- 1 x Hubo 3.00 Opto%0D%0A%0D%0AMit freundlichen Gr\u00fc\u00dfen%0D%0A%0D%0A<Bitte geben Sie hier Ihre vollst\u00e4ndige Anschrift an.>%0D%0A\"><font color=\"#0000FF\">Hubo Digital <br\/>Rev. 1.11<font\/><\/a><\/th><th class=\"column-5\"><a href=\"mailto:Ftl-Auerbach@gmx.de?subject=Angebotsanfrage Hubo 1.11 Maxi&amp;body=Sehr geehrte Damen und Herren,%0D%0A%0D%0Ahiermit bitte ich um Unterbreitung eines Angebotes f\u00fcr (Unzutreffendes bitte streichen):%0D%0A- 1 x Hubo 1.03 Maxi%0D%0A- 1 x Hubo 1.03 Digital%0D%0A- 1 x Hubo 1.11 Maxi%0D%0A- 1 x Hubo 1.11 Digital%0D%0A- 1 x Hubo 2.01 Maxi%0D%0A- 1 x Hubo 3.00 Opto%0D%0A%0D%0AMit freundlichen Gr\u00fc\u00dfen%0D%0A%0D%0A<Bitte geben Sie hier Ihre vollst\u00e4ndige Anschrift an.>%0D%0A\"><font color=\"#0000FF\">Hubo Maxi <br\/>Rev. 1.11<font\/><\/a><\/th><th class=\"column-6\"><a href=\"mailto:Ftl-Auerbach@gmx.de?subject=Angebotsanfrage Hubo 2.01 Maxi&amp;body=Sehr geehrte Damen und Herren,%0D%0A%0D%0Ahiermit bitte ich um Unterbreitung eines Angebotes f\u00fcr (Unzutreffendes bitte streichen):%0D%0A- 1 x Hubo 1.03 Maxi%0D%0A- 1 x Hubo 1.03 Digital%0D%0A- 1 x Hubo 1.11 Maxi%0D%0A- 1 x Hubo 1.11 Digital%0D%0A- 1 x Hubo 2.01 Maxi%0D%0A- 1 x Hubo 3.00 Opto%0D%0A%0D%0AMit freundlichen Gr\u00fc\u00dfen%0D%0A%0D%0A<Bitte geben Sie hier Ihre vollst\u00e4ndige Anschrift an.>%0D%0A\"><font color=\"#0000FF\">Hubo Maxi <br\/>Rev. 2.01<font\/><\/a><\/th><th class=\"column-7\"><a href=\"mailto:Ftl-Auerbach@gmx.de?subject=Angebotsanfrage Hubo 3.00 Opto&amp;body=Sehr geehrte Damen und Herren,%0D%0A%0D%0Ahiermit bitte ich um Unterbreitung eines Angebotes f\u00fcr (Unzutreffendes bitte streichen):%0D%0A- 1 x Hubo 1.03 Maxi%0D%0A- 1 x Hubo 1.03 Digital%0D%0A- 1 x Hubo 1.11 Maxi%0D%0A- 1 x Hubo 1.11 Digital%0D%0A- 1 x Hubo 2.01 Maxi%0D%0A- 1 x Hubo 3.00 Opto%0D%0A%0D%0AMit freundlichen Gr\u00fc\u00dfen%0D%0A%0D%0A<Bitte geben Sie hier Ihre vollst\u00e4ndige Anschrift an.>%0D%0A\"><font color=\"#0000FF\">Hubo Opto <br\/>Rev. 3.00<font\/><\/a><\/th>\n<\/tr>\n<\/tfoot>\n<\/table>\n<!-- #tablepress-1 from cache --><\/p>\n<p>Tabelle 1: Vergleich der unterschiedlichen Hardwareversionen des Hubo<\/p>\n<p>&nbsp;<\/p>\n<p><strong>Unterst\u00fctzte Kleincomputer<\/strong><\/p>\n<p>Der Einsatz des Hubo ist nicht auf den Raspberry Pi beschr\u00e4nkt. Die folgende Tabelle zeigt die mit dem Hubo getestete Kleincomputer der Reihen Raspberry Pi, Orange Pi, Banana Pi und Nano Pi.<\/p>\n<p><a href=\"http:\/\/ftl-auerbach.lima-city.de\/Hubo\/kompatibilitaet_kleincomputer-2\/\" rel=\"attachment wp-att-982\"><img loading=\"lazy\" class=\"alignnone wp-image-1513 size-full\" src=\"http:\/\/ftl-auerbach.lima-city.de\/Hubo\/wp-content\/uploads\/2019\/11\/Kompatibilitaet_Kleincomputer.jpg\" alt=\"\" width=\"1261\" height=\"343\" srcset=\"https:\/\/ftl-auerbach.lima-city.de\/Hubo\/wp-content\/uploads\/2019\/11\/Kompatibilitaet_Kleincomputer.jpg 1261w, https:\/\/ftl-auerbach.lima-city.de\/Hubo\/wp-content\/uploads\/2019\/11\/Kompatibilitaet_Kleincomputer-300x82.jpg 300w, https:\/\/ftl-auerbach.lima-city.de\/Hubo\/wp-content\/uploads\/2019\/11\/Kompatibilitaet_Kleincomputer-768x209.jpg 768w, https:\/\/ftl-auerbach.lima-city.de\/Hubo\/wp-content\/uploads\/2019\/11\/Kompatibilitaet_Kleincomputer-1024x279.jpg 1024w, https:\/\/ftl-auerbach.lima-city.de\/Hubo\/wp-content\/uploads\/2019\/11\/Kompatibilitaet_Kleincomputer-150x41.jpg 150w, https:\/\/ftl-auerbach.lima-city.de\/Hubo\/wp-content\/uploads\/2019\/11\/Kompatibilitaet_Kleincomputer-250x68.jpg 250w, https:\/\/ftl-auerbach.lima-city.de\/Hubo\/wp-content\/uploads\/2019\/11\/Kompatibilitaet_Kleincomputer-600x163.jpg 600w\" sizes=\"(max-width: 1261px) 100vw, 1261px\" \/><\/a><\/p>\n<p>Tabelle 2: \u00dcbersicht der mit dem Hubo getesteten Kleincomputer einschlie\u00dflich der Linux Deviceadressen und Portbelegungen.<\/p>\n<p>Wird der Hubo unter anderen Kleincomputern als dem Raspberry Pi betrieben, so m\u00fcssen die Deviceadressen der I2C- bzw. SPI-Treiber ggf. angepa\u00dft werden. Gleiches gilt f\u00fcr den \u00fcber einen GPIO betriebenen 1wire Bus. Tabelle 2 zeigt die jeweiligen Einstellungen und Konfigurationen. Die vollst\u00e4ndige Tabelle enth\u00e4lt Downloadlinks sowie Hinweise zur Konfiguration der Linux Devicetreiber und der Hubo-Library und kann &gt;&gt;&gt; <a href=\"http:\/\/ftl-auerbach.lima-city.de\/Hubo\/DL\/Kompatibilitaet_Kleincomputer.xls\" rel=\"noopener\">hier heruntergeladen werden<\/a> &lt;&lt;&lt;.<\/p>\n<p>&nbsp;<\/p>\n<p>1) die digitalen Versionen werden ohne die Bauteile f\u00fcr den Analogteil geliefert. Dieser kann jedoch zu einem sp\u00e4teren Zeitpunkt nachger\u00fcstet werden.<br \/>\n2) der digitale OC Ausgang 0 teilt sich eine Anschlu\u00dfklemme mit dem 1wire-Ausgang. Per Jumper wird konfiguriert, welche Funktion der Klemme zugeordnet werden soll.<br \/>\n3) Bei Abnahme gr\u00f6\u00dferer St\u00fcckzahlen oder bei nachgewiesener Verwendung zu Schul- und Lehrzwecken gew\u00e4hren wir Rabatte. Sollten Sie eine Bestellung au\u00dferhalb des Festlandes der Bundesrepublik Deutschland w\u00fcnschen, so fordern Sie bitte ein Angebot bei uns an. Bitte geben Sie bei Ihrer Anfrage Ihre vollst\u00e4ndige Adresse an, damit die Mail nicht von unserem Spamfilter gel\u00f6scht wird!<\/p>\n<p>&nbsp;<\/p>\n<p><em>Die auf dieser Seite verwendeten Produktbezeichnungen, Namen und Warenzeichen sind Eigentum der jeweiligen Firmen.<\/em><\/p>\n","protected":false},"excerpt":{"rendered":"<p>Vergleich der verschiedenen Hardware Revisionen Hubos Tabelle 1: Vergleich der unterschiedlichen Hardwareversionen des Hubo &nbsp; Unterst\u00fctzte Kleincomputer Der Einsatz des Hubo ist nicht auf den Raspberry Pi beschr\u00e4nkt. Die folgende Tabelle zeigt die mit dem Hubo getestete Kleincomputer der Reihen Raspberry Pi, Orange Pi, Banana Pi und Nano Pi. Tabelle\u2026<\/p>\n<p> <a class=\"continue-reading-link\" href=\"https:\/\/ftl-auerbach.lima-city.de\/Hubo\/hubo-hardware\/hardware-vergleich\/\"><span>Continue reading<\/span><i class=\"crycon-right-dir\"><\/i><\/a> <\/p>\n","protected":false},"author":1,"featured_media":0,"parent":15,"menu_order":0,"comment_status":"closed","ping_status":"closed","template":"","meta":[],"_links":{"self":[{"href":"https:\/\/ftl-auerbach.lima-city.de\/Hubo\/wp-json\/wp\/v2\/pages\/246"}],"collection":[{"href":"https:\/\/ftl-auerbach.lima-city.de\/Hubo\/wp-json\/wp\/v2\/pages"}],"about":[{"href":"https:\/\/ftl-auerbach.lima-city.de\/Hubo\/wp-json\/wp\/v2\/types\/page"}],"author":[{"embeddable":true,"href":"https:\/\/ftl-auerbach.lima-city.de\/Hubo\/wp-json\/wp\/v2\/users\/1"}],"replies":[{"embeddable":true,"href":"https:\/\/ftl-auerbach.lima-city.de\/Hubo\/wp-json\/wp\/v2\/comments?post=246"}],"version-history":[{"count":46,"href":"https:\/\/ftl-auerbach.lima-city.de\/Hubo\/wp-json\/wp\/v2\/pages\/246\/revisions"}],"predecessor-version":[{"id":1514,"href":"https:\/\/ftl-auerbach.lima-city.de\/Hubo\/wp-json\/wp\/v2\/pages\/246\/revisions\/1514"}],"up":[{"embeddable":true,"href":"https:\/\/ftl-auerbach.lima-city.de\/Hubo\/wp-json\/wp\/v2\/pages\/15"}],"wp:attachment":[{"href":"https:\/\/ftl-auerbach.lima-city.de\/Hubo\/wp-json\/wp\/v2\/media?parent=246"}],"curies":[{"name":"wp","href":"https:\/\/api.w.org\/{rel}","templated":true}]}}