{"id":19,"date":"2015-11-08T19:07:18","date_gmt":"2015-11-08T19:07:18","guid":{"rendered":"http:\/\/ftl-auerbach.lima-city.de\/Hubo\/?page_id=19"},"modified":"2020-06-26T20:37:30","modified_gmt":"2020-06-26T18:37:30","slug":"hubo-1-03","status":"publish","type":"page","link":"http:\/\/ftl-auerbach.lima-city.de\/Hubo\/hubo-hardware\/hubo-1-03\/","title":{"rendered":"Hubo 1.03"},"content":{"rendered":"<p><strong>Hubo Maxi Rev. 1.03 &#8211; der Klassiker<\/strong><\/p>\n<div id=\"attachment_95\" style=\"width: 310px\" class=\"wp-caption alignright\"><a href=\"http:\/\/ftl-auerbach.lima-city.de\/Hubo\/wp-content\/uploads\/2015\/11\/Hubo_Rev_1.00.02_ohne_-Rahmen.jpg\"><img aria-describedby=\"caption-attachment-95\" loading=\"lazy\" class=\"wp-image-95 size-medium\" src=\"http:\/\/ftl-auerbach.lima-city.de\/Hubo\/wp-content\/uploads\/2015\/11\/Hubo_Rev_1.00.02_ohne_-Rahmen-300x256.jpg\" alt=\"Raspberry Pi IO Board Hubo Maxi Rev. 1.00\" width=\"300\" height=\"256\" srcset=\"http:\/\/ftl-auerbach.lima-city.de\/Hubo\/wp-content\/uploads\/2015\/11\/Hubo_Rev_1.00.02_ohne_-Rahmen-300x256.jpg 300w, http:\/\/ftl-auerbach.lima-city.de\/Hubo\/wp-content\/uploads\/2015\/11\/Hubo_Rev_1.00.02_ohne_-Rahmen-768x655.jpg 768w, http:\/\/ftl-auerbach.lima-city.de\/Hubo\/wp-content\/uploads\/2015\/11\/Hubo_Rev_1.00.02_ohne_-Rahmen-1024x873.jpg 1024w, http:\/\/ftl-auerbach.lima-city.de\/Hubo\/wp-content\/uploads\/2015\/11\/Hubo_Rev_1.00.02_ohne_-Rahmen-150x128.jpg 150w, http:\/\/ftl-auerbach.lima-city.de\/Hubo\/wp-content\/uploads\/2015\/11\/Hubo_Rev_1.00.02_ohne_-Rahmen-176x150.jpg 176w, http:\/\/ftl-auerbach.lima-city.de\/Hubo\/wp-content\/uploads\/2015\/11\/Hubo_Rev_1.00.02_ohne_-Rahmen-600x512.jpg 600w, http:\/\/ftl-auerbach.lima-city.de\/Hubo\/wp-content\/uploads\/2015\/11\/Hubo_Rev_1.00.02_ohne_-Rahmen-77x66.jpg 77w, http:\/\/ftl-auerbach.lima-city.de\/Hubo\/wp-content\/uploads\/2015\/11\/Hubo_Rev_1.00.02_ohne_-Rahmen-260x222.jpg 260w, http:\/\/ftl-auerbach.lima-city.de\/Hubo\/wp-content\/uploads\/2015\/11\/Hubo_Rev_1.00.02_ohne_-Rahmen-520x443.jpg 520w, http:\/\/ftl-auerbach.lima-city.de\/Hubo\/wp-content\/uploads\/2015\/11\/Hubo_Rev_1.00.02_ohne_-Rahmen.jpg 1357w\" sizes=\"(max-width: 300px) 100vw, 300px\" \/><\/a><p id=\"caption-attachment-95\" class=\"wp-caption-text\">Hubo Rev. 1.03<\/p><\/div>\n<p>Die Hardware Revision 1.03 bietet die folgenden Funktionen:<\/p>\n<ul>\n<li>8 x analoge Eing\u00e4nge und 12 Bit Aufl\u00f6sung (entspricht 0,61mV)<\/li>\n<li>8 x digitale Eing\u00e4nge<\/li>\n<li>4 x digitale Relaisausg\u00e4nge 5A 250VAC<\/li>\n<li>3 (4) x Open Collector Ausg\u00e4nge 500mA\/50V (bei Verzicht auf den 1wire Ausgang stehen 4 Open Collector Ausg\u00e4nge zur Verf\u00fcgung)<\/li>\n<li>1 x 1wire Ausgang<\/li>\n<li>1 x Steckoption f\u00fcr Real Time Clock Modul DS3231<\/li>\n<li>1 x Steckoption f\u00fcr 8 Kanal Lastrelaiskarte 10A, 250VAC<\/li>\n<li>1 x I2C Ausgang zur Kaskadierung weiterer Module<\/li>\n<li>ausbauf\u00e4hig um 3 weitere Module mittels Kaskadierung per Flachbandkabel<\/li>\n<li>auch erh\u00e4ltlich in der Einstiegsversion <span style=\"color: #000000;\">&#8222;Hubo Digital&#8220;<\/span> ohne Analogteil<\/li>\n<li>kompatibel zu den Rasperry Pi Modellen Zero, A+, B, B+, 2 Model B, 3 Model B und 4 Model B<\/li>\n<\/ul>\n<p>S\u00e4mtliche der empfindlichen Teile des Hubo sind gesockelt, um defekte Bauteile im Bedarfsfall schnell austauschen zu k\u00f6nnen.<\/p>\n<p>Einen allgemeinen \u00dcberblick \u00fcber die verschiedenen Hardwarevarianten Hubos finden sie <a href=\"http:\/\/ftl-auerbach.lima-city.de\/Hubo\/?p=15\">hier<\/a>.<\/p>\n<p>Ein Blick in die <a href=\"http:\/\/ftl-auerbach.lima-city.de\/Hubo\/Dokumentation\/Hubo_Technische_Dokumentation_und_Sicherheitshinweise.pdf\" target=\"_blank\" rel=\"noopener noreferrer\">technische Dokumentation<\/a> gibt Hilfestellungen f\u00fcr den Zusammenbau, die Inbetriebnahme und verr\u00e4t praktische Tips zur Verkabelung von Sensoren und Bussystemen.<\/p>\n","protected":false},"excerpt":{"rendered":"<p>Hubo Maxi Rev. 1.03 &#8211; der Klassiker Die Hardware Revision 1.03 bietet die folgenden Funktionen: 8 x analoge Eing\u00e4nge und 12 Bit Aufl\u00f6sung (entspricht 0,61mV) 8 x digitale Eing\u00e4nge 4 x digitale Relaisausg\u00e4nge 5A 250VAC 3 (4) x Open Collector Ausg\u00e4nge 500mA\/50V (bei Verzicht auf den 1wire Ausgang stehen 4\u2026<\/p>\n<p> <a class=\"continue-reading-link\" href=\"http:\/\/ftl-auerbach.lima-city.de\/Hubo\/hubo-hardware\/hubo-1-03\/\"><span>Continue reading<\/span><i class=\"crycon-right-dir\"><\/i><\/a> <\/p>\n","protected":false},"author":1,"featured_media":0,"parent":15,"menu_order":0,"comment_status":"closed","ping_status":"closed","template":"","meta":[],"_links":{"self":[{"href":"http:\/\/ftl-auerbach.lima-city.de\/Hubo\/wp-json\/wp\/v2\/pages\/19"}],"collection":[{"href":"http:\/\/ftl-auerbach.lima-city.de\/Hubo\/wp-json\/wp\/v2\/pages"}],"about":[{"href":"http:\/\/ftl-auerbach.lima-city.de\/Hubo\/wp-json\/wp\/v2\/types\/page"}],"author":[{"embeddable":true,"href":"http:\/\/ftl-auerbach.lima-city.de\/Hubo\/wp-json\/wp\/v2\/users\/1"}],"replies":[{"embeddable":true,"href":"http:\/\/ftl-auerbach.lima-city.de\/Hubo\/wp-json\/wp\/v2\/comments?post=19"}],"version-history":[{"count":29,"href":"http:\/\/ftl-auerbach.lima-city.de\/Hubo\/wp-json\/wp\/v2\/pages\/19\/revisions"}],"predecessor-version":[{"id":1534,"href":"http:\/\/ftl-auerbach.lima-city.de\/Hubo\/wp-json\/wp\/v2\/pages\/19\/revisions\/1534"}],"up":[{"embeddable":true,"href":"http:\/\/ftl-auerbach.lima-city.de\/Hubo\/wp-json\/wp\/v2\/pages\/15"}],"wp:attachment":[{"href":"http:\/\/ftl-auerbach.lima-city.de\/Hubo\/wp-json\/wp\/v2\/media?parent=19"}],"curies":[{"name":"wp","href":"https:\/\/api.w.org\/{rel}","templated":true}]}}