{"id":173,"date":"2015-11-29T18:36:38","date_gmt":"2015-11-29T18:36:38","guid":{"rendered":"http:\/\/ftl-auerbach.lima-city.de\/Hubo\/?page_id=173"},"modified":"2018-04-26T21:56:19","modified_gmt":"2018-04-26T19:56:19","slug":"download-pages","status":"publish","type":"page","link":"https:\/\/ftl-auerbach.lima-city.de\/Hubo\/download-pages\/","title":{"rendered":"Download"},"content":{"rendered":"<p><strong>Nutzungsbedingungen unentgeltlich \u00fcberlassener Software<\/strong><\/p>\n<p>Die in unserer Rubrik &#8222;Download&#8220; herunterladbare Software steht Ihnen unentgeltlich zur Verf\u00fcgung. Bitte beachten Sie, da\u00df wir daher keine Garantie auf Fehlerfreiheit oder Haftung f\u00fcr Sch\u00e4den durch den mittelbaren bzw. unmittelbaren Einsatz der Software \u00fcbernehmen k\u00f6nnen. N\u00e4here Informationen entnehmen Sie bitte unseren <a href=\"http:\/\/ftl-auerbach.lima-city.de\/Hubo\/?p=4\">AGB<\/a>, der weiterf\u00fchrenden Dokumentation der jeweiligen Software und unserer <a href=\"http:\/\/ftl-auerbach.lima-city.de\/Hubo\/?p=8\">Datenschutzrichtlinie<\/a>.<\/p>\n<p>Beachten Sie bitte, da\u00df einige der von uns unentgeltlich \u00fcberlassenen Software in englischer Sprache abgefa\u00dft bzw. dokumentiert ist. Ein Anspruch auf \u00dcbersetzung besteht nicht.<\/p>\n<p>&nbsp;<\/p>\n","protected":false},"excerpt":{"rendered":"<p>Nutzungsbedingungen unentgeltlich \u00fcberlassener Software Die in unserer Rubrik &#8222;Download&#8220; herunterladbare Software steht Ihnen unentgeltlich zur Verf\u00fcgung. Bitte beachten Sie, da\u00df wir daher keine Garantie auf Fehlerfreiheit oder Haftung f\u00fcr Sch\u00e4den durch den mittelbaren bzw. unmittelbaren Einsatz der Software \u00fcbernehmen k\u00f6nnen. N\u00e4here Informationen entnehmen Sie bitte unseren AGB, der weiterf\u00fchrenden Dokumentation\u2026<\/p>\n<p> <a class=\"continue-reading-link\" href=\"https:\/\/ftl-auerbach.lima-city.de\/Hubo\/download-pages\/\"><span>Continue reading<\/span><i class=\"crycon-right-dir\"><\/i><\/a> <\/p>\n","protected":false},"author":1,"featured_media":0,"parent":0,"menu_order":0,"comment_status":"closed","ping_status":"closed","template":"","meta":[],"_links":{"self":[{"href":"https:\/\/ftl-auerbach.lima-city.de\/Hubo\/wp-json\/wp\/v2\/pages\/173"}],"collection":[{"href":"https:\/\/ftl-auerbach.lima-city.de\/Hubo\/wp-json\/wp\/v2\/pages"}],"about":[{"href":"https:\/\/ftl-auerbach.lima-city.de\/Hubo\/wp-json\/wp\/v2\/types\/page"}],"author":[{"embeddable":true,"href":"https:\/\/ftl-auerbach.lima-city.de\/Hubo\/wp-json\/wp\/v2\/users\/1"}],"replies":[{"embeddable":true,"href":"https:\/\/ftl-auerbach.lima-city.de\/Hubo\/wp-json\/wp\/v2\/comments?post=173"}],"version-history":[{"count":11,"href":"https:\/\/ftl-auerbach.lima-city.de\/Hubo\/wp-json\/wp\/v2\/pages\/173\/revisions"}],"predecessor-version":[{"id":285,"href":"https:\/\/ftl-auerbach.lima-city.de\/Hubo\/wp-json\/wp\/v2\/pages\/173\/revisions\/285"}],"wp:attachment":[{"href":"https:\/\/ftl-auerbach.lima-city.de\/Hubo\/wp-json\/wp\/v2\/media?parent=173"}],"curies":[{"name":"wp","href":"https:\/\/api.w.org\/{rel}","templated":true}]}}