{"id":15,"date":"2015-11-08T19:06:49","date_gmt":"2015-11-08T19:06:49","guid":{"rendered":"http:\/\/ftl-auerbach.lima-city.de\/Hubo\/?page_id=15"},"modified":"2019-11-24T21:52:55","modified_gmt":"2019-11-24T20:52:55","slug":"hubo-hardware","status":"publish","type":"page","link":"https:\/\/ftl-auerbach.lima-city.de\/Hubo\/hubo-hardware\/","title":{"rendered":"Hubo Hardware"},"content":{"rendered":"<div id=\"attachment_161\" style=\"width: 310px\" class=\"wp-caption alignright\"><a href=\"http:\/\/ftl-auerbach.lima-city.de\/Hubo\/wp-content\/uploads\/2015\/11\/01_Hubo_mit_Hutschienennetzteil_1260x800.jpg\"><img aria-describedby=\"caption-attachment-161\" loading=\"lazy\" class=\"wp-image-161 size-medium\" src=\"http:\/\/ftl-auerbach.lima-city.de\/Hubo\/wp-content\/uploads\/2015\/11\/01_Hubo_mit_Hutschienennetzteil_1260x800-300x190.jpg\" alt=\"Hubo Maxi inkl. Raspberry Pi im Hutschienengeh\u00e4use\" width=\"300\" height=\"190\" srcset=\"https:\/\/ftl-auerbach.lima-city.de\/Hubo\/wp-content\/uploads\/2015\/11\/01_Hubo_mit_Hutschienennetzteil_1260x800-300x190.jpg 300w, https:\/\/ftl-auerbach.lima-city.de\/Hubo\/wp-content\/uploads\/2015\/11\/01_Hubo_mit_Hutschienennetzteil_1260x800-768x488.jpg 768w, https:\/\/ftl-auerbach.lima-city.de\/Hubo\/wp-content\/uploads\/2015\/11\/01_Hubo_mit_Hutschienennetzteil_1260x800-1024x650.jpg 1024w, https:\/\/ftl-auerbach.lima-city.de\/Hubo\/wp-content\/uploads\/2015\/11\/01_Hubo_mit_Hutschienennetzteil_1260x800-150x95.jpg 150w, https:\/\/ftl-auerbach.lima-city.de\/Hubo\/wp-content\/uploads\/2015\/11\/01_Hubo_mit_Hutschienennetzteil_1260x800-236x150.jpg 236w, https:\/\/ftl-auerbach.lima-city.de\/Hubo\/wp-content\/uploads\/2015\/11\/01_Hubo_mit_Hutschienennetzteil_1260x800-600x381.jpg 600w, https:\/\/ftl-auerbach.lima-city.de\/Hubo\/wp-content\/uploads\/2015\/11\/01_Hubo_mit_Hutschienennetzteil_1260x800-90x57.jpg 90w, https:\/\/ftl-auerbach.lima-city.de\/Hubo\/wp-content\/uploads\/2015\/11\/01_Hubo_mit_Hutschienennetzteil_1260x800.jpg 1260w\" sizes=\"(max-width: 300px) 100vw, 300px\" \/><\/a><p id=\"caption-attachment-161\" class=\"wp-caption-text\">Hubo Maxi inkl. Raspberry Pi im Hutschienengeh\u00e4use<\/p><\/div>\n<p><strong>Hubo &#8211; die universelle IO Erweiterung f\u00fcr Raspberry Pi, Banana Pi, Orange Pi und Nano Pi<br \/>\n<\/strong><\/p>\n<p>Designziel der Hubo Hardware war es, die Schnittstellen des Raspberry Pi (und \u00e4hnlicher Hardware siehe weiter unten) dahingehend zu erweitern, da\u00df dieser direkt f\u00fcr einfache Steuerungs und Regelungsaufgaben eingesetzt werden kann. Gro\u00dfer Wert wurde dabei auf Robustheit, Modularisierung und den Formfaktor gelegt, um einem praxisgerechten Einsatz auch in nicht idealen Bedingungen gerecht zu werden. Bei den verwendeten Bauteilen handelt es sich um Standardchips, um den Betrieb unter etablierter Software (Softwarebibliotheken in Python und C, Heimautomationssoftware etc.) zu erm\u00f6glichen.<\/p>\n<p>&nbsp;<\/p>\n<div id=\"attachment_108\" style=\"width: 310px\" class=\"wp-caption alignleft\"><a href=\"http:\/\/ftl-auerbach.lima-city.de\/Hubo\/wp-content\/uploads\/2015\/11\/Hubo_1.11_im_Hutschienengeh\u00e4use.jpg\"><img aria-describedby=\"caption-attachment-108\" loading=\"lazy\" class=\"wp-image-108 size-medium\" src=\"http:\/\/ftl-auerbach.lima-city.de\/Hubo\/wp-content\/uploads\/2015\/11\/Hubo_1.11_im_Hutschienengeh\u00e4use-300x189.jpg\" alt=\"Hubo Maxi 1.11 inkl. Raspberry Pi im Hutschienengeh\u00e4use\" width=\"300\" height=\"189\" srcset=\"https:\/\/ftl-auerbach.lima-city.de\/Hubo\/wp-content\/uploads\/2015\/11\/Hubo_1.11_im_Hutschienengeh\u00e4use-300x189.jpg 300w, https:\/\/ftl-auerbach.lima-city.de\/Hubo\/wp-content\/uploads\/2015\/11\/Hubo_1.11_im_Hutschienengeh\u00e4use-768x484.jpg 768w, https:\/\/ftl-auerbach.lima-city.de\/Hubo\/wp-content\/uploads\/2015\/11\/Hubo_1.11_im_Hutschienengeh\u00e4use-150x94.jpg 150w, https:\/\/ftl-auerbach.lima-city.de\/Hubo\/wp-content\/uploads\/2015\/11\/Hubo_1.11_im_Hutschienengeh\u00e4use-238x150.jpg 238w, https:\/\/ftl-auerbach.lima-city.de\/Hubo\/wp-content\/uploads\/2015\/11\/Hubo_1.11_im_Hutschienengeh\u00e4use-600x378.jpg 600w, https:\/\/ftl-auerbach.lima-city.de\/Hubo\/wp-content\/uploads\/2015\/11\/Hubo_1.11_im_Hutschienengeh\u00e4use-90x57.jpg 90w, https:\/\/ftl-auerbach.lima-city.de\/Hubo\/wp-content\/uploads\/2015\/11\/Hubo_1.11_im_Hutschienengeh\u00e4use.jpg 1010w\" sizes=\"(max-width: 300px) 100vw, 300px\" \/><\/a><p id=\"caption-attachment-108\" class=\"wp-caption-text\">Hubo Maxi 1.11 inkl. Raspberry Pi im Hutschienengeh\u00e4use<\/p><\/div>\n<p><strong>Formfaktor und Robustheit<\/strong><\/p>\n<p>Alle Hubovarianten sind f\u00fcr den Einbau in Hutschienengeh\u00e4use vorgesehen. Die Stromversorgung erfolgt dabei idealerweise ebenfalls \u00fcber ein Hutschienennetzteil. Da die Raspberry Pi Varianten Zero, A+, B+, 2B, 3B, 3B+ und 4B direkt im Deckel des Hutschienengeh\u00e4uses verbaut werden k\u00f6nnen, erfolgt die Stromversorgung des Raspberry Pi \u00fcber den Hubo. Auf diesem Weg ist zudem sichergestellt, da\u00df es nicht zur stromm\u00e4\u00dfigen \u00dcberlastung des Pi durch den Hubo kommen kann. Die Schraubklemmen erlauben den Anschlu\u00df von Drahtst\u00e4rken bis 1,5qmm. Das Layout der Platine wurde so gestaltet, da\u00df die Funktionalit\u00e4t auch bei einem Einsatz in nichtidealen Bedingungen (mit St\u00f6rquellen belastete Umgebung, lange Leitungsl\u00e4ngen der angeschlossenen Sensoren, Schaltschr\u00e4nke&#8230;) in weiten Grenzen gew\u00e4hrleistet werden kann. Die h\u00f6heren Hardwarerevisionen besitzen zudem eine elektronische Sicherung sowie einen \u00dcberspannungsschutz f\u00fcr den 1wire Bus. Die Option Varistoren nachr\u00fcsten zu k\u00f6nnen, erlaubt einen weiteren Schutz der Relaiskontakte, z.b. beim Schalten induktiver Lasten.<\/p>\n<p>&nbsp;<\/p>\n<div id=\"attachment_168\" style=\"width: 310px\" class=\"wp-caption alignright\"><a href=\"http:\/\/ftl-auerbach.lima-city.de\/Hubo\/wp-content\/uploads\/2015\/11\/04_Hubo_mit_DS3231_-_433MHz_Option_1014x800.jpg\"><img aria-describedby=\"caption-attachment-168\" loading=\"lazy\" class=\"wp-image-168 size-medium\" src=\"http:\/\/ftl-auerbach.lima-city.de\/Hubo\/wp-content\/uploads\/2015\/11\/04_Hubo_mit_DS3231_-_433MHz_Option_1014x800-300x237.jpg\" alt=\"\" width=\"300\" height=\"237\" srcset=\"https:\/\/ftl-auerbach.lima-city.de\/Hubo\/wp-content\/uploads\/2015\/11\/04_Hubo_mit_DS3231_-_433MHz_Option_1014x800-300x237.jpg 300w, https:\/\/ftl-auerbach.lima-city.de\/Hubo\/wp-content\/uploads\/2015\/11\/04_Hubo_mit_DS3231_-_433MHz_Option_1014x800-768x606.jpg 768w, https:\/\/ftl-auerbach.lima-city.de\/Hubo\/wp-content\/uploads\/2015\/11\/04_Hubo_mit_DS3231_-_433MHz_Option_1014x800-150x118.jpg 150w, https:\/\/ftl-auerbach.lima-city.de\/Hubo\/wp-content\/uploads\/2015\/11\/04_Hubo_mit_DS3231_-_433MHz_Option_1014x800-190x150.jpg 190w, https:\/\/ftl-auerbach.lima-city.de\/Hubo\/wp-content\/uploads\/2015\/11\/04_Hubo_mit_DS3231_-_433MHz_Option_1014x800-600x473.jpg 600w, https:\/\/ftl-auerbach.lima-city.de\/Hubo\/wp-content\/uploads\/2015\/11\/04_Hubo_mit_DS3231_-_433MHz_Option_1014x800-84x66.jpg 84w, https:\/\/ftl-auerbach.lima-city.de\/Hubo\/wp-content\/uploads\/2015\/11\/04_Hubo_mit_DS3231_-_433MHz_Option_1014x800-281x222.jpg 281w, https:\/\/ftl-auerbach.lima-city.de\/Hubo\/wp-content\/uploads\/2015\/11\/04_Hubo_mit_DS3231_-_433MHz_Option_1014x800-562x443.jpg 562w, https:\/\/ftl-auerbach.lima-city.de\/Hubo\/wp-content\/uploads\/2015\/11\/04_Hubo_mit_DS3231_-_433MHz_Option_1014x800.jpg 1014w\" sizes=\"(max-width: 300px) 100vw, 300px\" \/><\/a><p id=\"caption-attachment-168\" class=\"wp-caption-text\">Hubo Maxi 1.11 mit DS3232 RTC und 433MHz Sender<\/p><\/div>\n<p><strong>Funktionalit\u00e4t<\/strong><\/p>\n<p>Die volle Ausbaustufe des Hubo Maxi verf\u00fcgt \u00fcber 8 analoge Eing\u00e4nge (2,5V), 8 digitale Eing\u00e4nge und 7 (8) digitale Ausg\u00e4nge. Letztere stehen als 3 (4) Transistorausg\u00e4nge mit offenem Kollektor und 4 Relaisausg\u00e4ngen zur Verf\u00fcgung. Der 1wire Bus erlaubt den Anschlu\u00df vielf\u00e4ltiger 1wire Hardware, nicht zuletzt auch der Temperatursensoren DS18x20. Weitere Schnittstellen erlauben die Nachr\u00fcstung einer DS3231-Echtzeituhr sowie eines 433MHz Funkmoduls welches u.a. auch den Betrieb von Funksteckdosen erm\u00f6glicht.<\/p>\n<p>&nbsp;<\/p>\n<p>&nbsp;<\/p>\n<div id=\"attachment_988\" style=\"width: 310px\" class=\"wp-caption alignleft\"><a href=\"http:\/\/ftl-auerbach.lima-city.de\/Hubo\/wp-content\/uploads\/2015\/11\/Kaskadierte_Hubos_auf_Experimentierbrett_02.jpg\"><img aria-describedby=\"caption-attachment-988\" loading=\"lazy\" class=\"wp-image-988 size-medium\" src=\"http:\/\/ftl-auerbach.lima-city.de\/Hubo\/wp-content\/uploads\/2015\/11\/Kaskadierte_Hubos_auf_Experimentierbrett_02-300x225.jpg\" alt=\"\" width=\"300\" height=\"225\" srcset=\"https:\/\/ftl-auerbach.lima-city.de\/Hubo\/wp-content\/uploads\/2015\/11\/Kaskadierte_Hubos_auf_Experimentierbrett_02-300x225.jpg 300w, https:\/\/ftl-auerbach.lima-city.de\/Hubo\/wp-content\/uploads\/2015\/11\/Kaskadierte_Hubos_auf_Experimentierbrett_02-768x576.jpg 768w, https:\/\/ftl-auerbach.lima-city.de\/Hubo\/wp-content\/uploads\/2015\/11\/Kaskadierte_Hubos_auf_Experimentierbrett_02-1024x768.jpg 1024w, https:\/\/ftl-auerbach.lima-city.de\/Hubo\/wp-content\/uploads\/2015\/11\/Kaskadierte_Hubos_auf_Experimentierbrett_02-150x113.jpg 150w, https:\/\/ftl-auerbach.lima-city.de\/Hubo\/wp-content\/uploads\/2015\/11\/Kaskadierte_Hubos_auf_Experimentierbrett_02-200x150.jpg 200w, https:\/\/ftl-auerbach.lima-city.de\/Hubo\/wp-content\/uploads\/2015\/11\/Kaskadierte_Hubos_auf_Experimentierbrett_02-600x450.jpg 600w, https:\/\/ftl-auerbach.lima-city.de\/Hubo\/wp-content\/uploads\/2015\/11\/Kaskadierte_Hubos_auf_Experimentierbrett_02-88x66.jpg 88w, https:\/\/ftl-auerbach.lima-city.de\/Hubo\/wp-content\/uploads\/2015\/11\/Kaskadierte_Hubos_auf_Experimentierbrett_02-296x222.jpg 296w, https:\/\/ftl-auerbach.lima-city.de\/Hubo\/wp-content\/uploads\/2015\/11\/Kaskadierte_Hubos_auf_Experimentierbrett_02-590x443.jpg 590w, https:\/\/ftl-auerbach.lima-city.de\/Hubo\/wp-content\/uploads\/2015\/11\/Kaskadierte_Hubos_auf_Experimentierbrett_02.jpg 1078w\" sizes=\"(max-width: 300px) 100vw, 300px\" \/><\/a><p id=\"caption-attachment-988\" class=\"wp-caption-text\">3 kaskadierte Hubos mit Raspberry Pi Zero im Hutschienengeh\u00e4use (Sensoren: DS1820, Reed-Kontakt, PIR)<\/p><\/div>\n<p><strong>Modularisierung und Erweiterbarkeit<\/strong><\/p>\n<p>Neben den analogen und digitalen Schnittstellen verf\u00fcgt der Hubo \u00fcber einen herausgef\u00fchrten I2C-Bus, was eine Kaskadierung auf bis zu 4 Modulen erm\u00f6glicht. In dieser Ausbaustufe stehen dann insgesamt 8 analoge Eing\u00e4nge, bis zu 32\/64 digitale Eing\u00e4nge und 32\/64 digitale Ausg\u00e4nge zur Verf\u00fcgung. Die Module werden dabei entweder per Flachbandkabel oder mittels geschirmter Leitung miteinander verbunden. Da der Raspberry Pi selbst nicht \u00fcber eine Echtzeituhr verf\u00fcgt, im Bereich der Steuerungs- und Regelungstechnik ein &#8222;Bewu\u00dftsein \u00fcber die Zeit&#8220; jedoch unerl\u00e4\u00dflich ist, besitzt der Hubo Nachr\u00fcstoptionen f\u00fcr verschiedene handels\u00fcbliche Uhrenmodule.<\/p>\n<p>Weitere Informationen zu den unterschiedlichen Varianten des Hubo finden Sie im <a href=\"http:\/\/ftl-auerbach.lima-city.de\/Hubo\/hubo-hardware\/hardware-vergleich\/\" target=\"_blank\" rel=\"noopener noreferrer\">Vergleich der Hardwarerevisionen<\/a>.<\/p>\n<p>&nbsp;<\/p>\n<div id=\"attachment_1061\" style=\"width: 310px\" class=\"wp-caption alignright\"><a href=\"http:\/\/ftl-auerbach.lima-city.de\/Hubo\/wp-content\/uploads\/2017\/10\/Hubo3_mit_DS3231_Option_04.jpg\"><img aria-describedby=\"caption-attachment-1061\" loading=\"lazy\" class=\"wp-image-1061 size-medium\" src=\"http:\/\/ftl-auerbach.lima-city.de\/Hubo\/wp-content\/uploads\/2017\/10\/Hubo3_mit_DS3231_Option_04-300x237.jpg\" alt=\"\" width=\"300\" height=\"237\" srcset=\"https:\/\/ftl-auerbach.lima-city.de\/Hubo\/wp-content\/uploads\/2017\/10\/Hubo3_mit_DS3231_Option_04-300x237.jpg 300w, https:\/\/ftl-auerbach.lima-city.de\/Hubo\/wp-content\/uploads\/2017\/10\/Hubo3_mit_DS3231_Option_04-768x606.jpg 768w, https:\/\/ftl-auerbach.lima-city.de\/Hubo\/wp-content\/uploads\/2017\/10\/Hubo3_mit_DS3231_Option_04-1024x808.jpg 1024w, https:\/\/ftl-auerbach.lima-city.de\/Hubo\/wp-content\/uploads\/2017\/10\/Hubo3_mit_DS3231_Option_04-150x118.jpg 150w, https:\/\/ftl-auerbach.lima-city.de\/Hubo\/wp-content\/uploads\/2017\/10\/Hubo3_mit_DS3231_Option_04-190x150.jpg 190w, https:\/\/ftl-auerbach.lima-city.de\/Hubo\/wp-content\/uploads\/2017\/10\/Hubo3_mit_DS3231_Option_04-600x473.jpg 600w, https:\/\/ftl-auerbach.lima-city.de\/Hubo\/wp-content\/uploads\/2017\/10\/Hubo3_mit_DS3231_Option_04-84x66.jpg 84w, https:\/\/ftl-auerbach.lima-city.de\/Hubo\/wp-content\/uploads\/2017\/10\/Hubo3_mit_DS3231_Option_04-281x222.jpg 281w, https:\/\/ftl-auerbach.lima-city.de\/Hubo\/wp-content\/uploads\/2017\/10\/Hubo3_mit_DS3231_Option_04-562x443.jpg 562w\" sizes=\"(max-width: 300px) 100vw, 300px\" \/><\/a><p id=\"caption-attachment-1061\" class=\"wp-caption-text\">Hubo Opto 3.00 mit DS3232 RTC<\/p><\/div>\n<p><strong>Hubo Opto &#8211; 24V AC\/DC Schnittstellen f\u00fcr Gro\u00dfprojekte<\/strong><\/p>\n<p>&#8222;Hubo Opto&#8220; wurde speziell f\u00fcr gr\u00f6\u00dfere Projekte entwickelt, bei denen eine galvanische Trennung der Eing\u00e4nge und Ausg\u00e4nge erforderlich ist. Seine 24V Eing\u00e4nge erlauben den gemeinsamen Anschlu\u00df von Gleich- und Wechselspannungsquellen. Mittels spezieller Filter werden Eingangssignale entst\u00f6rt und Signale entprellt. Die Eing\u00e4nge und Ausg\u00e4nge sind verpolungssicher und \u00fcberspannungsfest.<br \/>\nDie M\u00f6glichkeiten der Nachr\u00fcstung handels\u00fcblicher Echtzeituhren- und Funkmodule wurde erheblich erweitert. Wie auch alle anderen Hubos verf\u00fcgt der &#8222;Hubo Opto&#8220; \u00fcber einen 1wire- und I2C-Bus mittels dessen bis zu 8 Module hintereinandergeschaltet werden k\u00f6nnen. Somit lassen sich bis zu 64 Ein- und Ausg\u00e4nge realisieren.<br \/>\nDie elektrische und mechanische Spezifikation ist Bestandteil der <a href=\"http:\/\/ftl-auerbach.lima-city.de\/Hubo\/download-pages\/technische-dokumentation-und-sicherheitshinweise\/\" target=\"_blank\" rel=\"noopener noreferrer\">technischen Dokumentation Hubos<\/a>.<\/p>\n<p>&nbsp;<\/p>\n<div id=\"attachment_993\" style=\"width: 310px\" class=\"wp-caption alignleft\"><a href=\"http:\/\/ftl-auerbach.lima-city.de\/Hubo\/wp-content\/uploads\/2017\/05\/Unterst\u00fctzte_Kleincomputer_03.jpg\" rel=\"attachment wp-att-993\"><img aria-describedby=\"caption-attachment-993\" loading=\"lazy\" class=\"wp-image-993 size-medium\" src=\"http:\/\/ftl-auerbach.lima-city.de\/Hubo\/wp-content\/uploads\/2017\/05\/Unterst\u00fctzte_Kleincomputer_03-300x211.jpg\" alt=\"Unterst\u00fctzte_Kleincomputer_03\" width=\"300\" height=\"211\" srcset=\"https:\/\/ftl-auerbach.lima-city.de\/Hubo\/wp-content\/uploads\/2017\/05\/Unterst\u00fctzte_Kleincomputer_03-300x211.jpg 300w, https:\/\/ftl-auerbach.lima-city.de\/Hubo\/wp-content\/uploads\/2017\/05\/Unterst\u00fctzte_Kleincomputer_03-768x540.jpg 768w, https:\/\/ftl-auerbach.lima-city.de\/Hubo\/wp-content\/uploads\/2017\/05\/Unterst\u00fctzte_Kleincomputer_03-1024x719.jpg 1024w, https:\/\/ftl-auerbach.lima-city.de\/Hubo\/wp-content\/uploads\/2017\/05\/Unterst\u00fctzte_Kleincomputer_03-150x105.jpg 150w, https:\/\/ftl-auerbach.lima-city.de\/Hubo\/wp-content\/uploads\/2017\/05\/Unterst\u00fctzte_Kleincomputer_03-213x150.jpg 213w, https:\/\/ftl-auerbach.lima-city.de\/Hubo\/wp-content\/uploads\/2017\/05\/Unterst\u00fctzte_Kleincomputer_03-600x422.jpg 600w, https:\/\/ftl-auerbach.lima-city.de\/Hubo\/wp-content\/uploads\/2017\/05\/Unterst\u00fctzte_Kleincomputer_03-90x63.jpg 90w, https:\/\/ftl-auerbach.lima-city.de\/Hubo\/wp-content\/uploads\/2017\/05\/Unterst\u00fctzte_Kleincomputer_03.jpg 1150w\" sizes=\"(max-width: 300px) 100vw, 300px\" \/><\/a><p id=\"caption-attachment-993\" class=\"wp-caption-text\">Auswahl einiger, f\u00fcr den Hubo getesteter Kleincomputer (Raspberry Pi, Nano Pi, Orange Pi und Banana Pi)<\/p><\/div>\n<p><strong>Einer f\u00fcr alle &#8211; Kleincomputer f\u00fcr den Hubo<\/strong><\/p>\n<p>Wenngleich der Hubo zun\u00e4chst f\u00fcr den Raspberry Pi entwickelt wurde, so kann er ebenso f\u00fcr andere Kleincomputer wie Banana Pi, Orange Pi und Nano Pi verwendet werden. Eine \u00dcbersicht der mit dem Hubo getesteten Kleincomputer finden Sie am Ende der Seite zum <a href=\"http:\/\/ftl-auerbach.lima-city.de\/Hubo\/hubo-hardware\/hardware-vergleich\/\" target=\"_blank\" rel=\"noopener noreferrer\">Vergleich der Hardwarerevisionen<\/a>. Die Hubo-Library erlaubt eine einfache Konfiguration der Busse (I2C und SPI) f\u00fcr diesen Betrieb.<\/p>\n<p>&nbsp;<\/p>\n<p>&nbsp;<\/p>\n<p>&nbsp;<\/p>\n<p>&nbsp;<\/p>\n<p><strong>Physik und Informatik verbinden &#8211; der Bausatz f\u00fcr Schule und Ausbildungsst\u00e4tten<\/strong><\/p>\n<p>Hubo ist kein fertiges Ger\u00e4t, Hubo ist ein Bausatz. Bei der Entwicklung wurde R\u00fccksicht darauf genommen, da\u00df es auch Elektronikeinsteigern gelingt, den Bausatz erfolgreich zusammenzul\u00f6ten. Aus diesem Grund finden sich empfindliche Bauteile zumeist gesockelt auf dem Board bzw. wurde die Anzahl unterschiedlicher Bauteile bewu\u00dft klein gehalten, um Verwechslungen vorzubeugen. <a href=\"http:\/\/ftl-auerbach.lima-city.de\/Hubo\/download-pages\/technische-dokumentation-und-sicherheitshinweise\/\" target=\"_blank\" rel=\"noopener noreferrer\">Hubos technische Dokumentation<\/a> enth\u00e4lt zudem detaillierte Hinweise zur optimalen Reihenfolge des Zusammenbaus. Mittels des <a href=\"http:\/\/ftl-auerbach.lima-city.de\/Hubo\/download-pages\/linux-images\/\" target=\"_blank\" rel=\"noopener noreferrer\">vorkonfigurierten Linux-Images<\/a> l\u00e4\u00dft sich die Funktionsweise der Hardware anschlie\u00dfend einfach \u00fcberpr\u00fcfen.<\/p>\n<p>Hubos digitale Schnittstellen helfen dabei, das Bin\u00e4rsystem leichter zu verstehen, als es ein &#8222;trockener&#8220; Informatikunterricht in der Regel zu vermitteln vermag. Ergebnisse bin\u00e4rer Additionen lassen sich unmittelbar \u00fcber Relais visualisieren; Z\u00e4hler vermitteln den Aufbau des Zahlensystems und verdeutlichen \u00dcbertr\u00e4ge. Analoge physikalische Gr\u00f6\u00dfen wie Lichtst\u00e4rke, Spannung, Widerstand, Leitf\u00e4higkeit u.a. k\u00f6nnen auf einfachem Weg gemessen werden. \u00dcber Widerstandsketten l\u00e4\u00dft sich praktisch erfahren, was die Theorie zur Reihenschaltung von Widerst\u00e4nden lehrt. Und, und, und&#8230; Auch erhalten die Sch\u00fcler ein Gef\u00fchl physikalischer Gr\u00f6\u00dfen und St\u00f6rgr\u00f6\u00dfen, wenn z.B. eine Lichtschranke Streulicht empf\u00e4ngt und das (analoge) Me\u00dfsignal mehr und mehr im Rauschen untergeht.<\/p>\n<p>Kurzum, Hubo bietet alles, angefangen beim Zusammenbau in der Nachmittags-AG \u00fcber erste kleine Programmierungen zum Bin\u00e4rsystem bis hin zu Messungen im Physikunterricht. Erstellte Programme k\u00f6nnen dann den Standard-Unterricht begleiten, um z.B. per Versuch zu belegen, da\u00df die kinetische Energie eines Pendels im niedrigsten Punkt genau dessen potentieller Energie an den Umkehrpunkten entspricht. Und pl\u00f6tzlich erkennt man, da\u00df Physik interessant ist und Informatik kein trockenes Schulfach sein mu\u00df, welches man baldm\u00f6glichst abw\u00e4hlt.<\/p>\n<p>&nbsp;<\/p>\n<p><em>Die auf dieser Seite verwendeten Produktbezeichnungen, Namen und Warenzeichen sind Eigentum der jeweiligen Firmen.<\/em><\/p>\n","protected":false},"excerpt":{"rendered":"<p>Hubo &#8211; die universelle IO Erweiterung f\u00fcr Raspberry Pi, Banana Pi, Orange Pi und Nano Pi Designziel der Hubo Hardware war es, die Schnittstellen des Raspberry Pi (und \u00e4hnlicher Hardware siehe weiter unten) dahingehend zu erweitern, da\u00df dieser direkt f\u00fcr einfache Steuerungs und Regelungsaufgaben eingesetzt werden kann. Gro\u00dfer Wert wurde\u2026<\/p>\n<p> <a class=\"continue-reading-link\" href=\"https:\/\/ftl-auerbach.lima-city.de\/Hubo\/hubo-hardware\/\"><span>Continue reading<\/span><i class=\"crycon-right-dir\"><\/i><\/a> <\/p>\n","protected":false},"author":1,"featured_media":0,"parent":0,"menu_order":0,"comment_status":"closed","ping_status":"closed","template":"","meta":[],"_links":{"self":[{"href":"https:\/\/ftl-auerbach.lima-city.de\/Hubo\/wp-json\/wp\/v2\/pages\/15"}],"collection":[{"href":"https:\/\/ftl-auerbach.lima-city.de\/Hubo\/wp-json\/wp\/v2\/pages"}],"about":[{"href":"https:\/\/ftl-auerbach.lima-city.de\/Hubo\/wp-json\/wp\/v2\/types\/page"}],"author":[{"embeddable":true,"href":"https:\/\/ftl-auerbach.lima-city.de\/Hubo\/wp-json\/wp\/v2\/users\/1"}],"replies":[{"embeddable":true,"href":"https:\/\/ftl-auerbach.lima-city.de\/Hubo\/wp-json\/wp\/v2\/comments?post=15"}],"version-history":[{"count":70,"href":"https:\/\/ftl-auerbach.lima-city.de\/Hubo\/wp-json\/wp\/v2\/pages\/15\/revisions"}],"predecessor-version":[{"id":1508,"href":"https:\/\/ftl-auerbach.lima-city.de\/Hubo\/wp-json\/wp\/v2\/pages\/15\/revisions\/1508"}],"wp:attachment":[{"href":"https:\/\/ftl-auerbach.lima-city.de\/Hubo\/wp-json\/wp\/v2\/media?parent=15"}],"curies":[{"name":"wp","href":"https:\/\/api.w.org\/{rel}","templated":true}]}}