{"id":121,"date":"2015-11-15T19:06:05","date_gmt":"2015-11-15T19:06:05","guid":{"rendered":"http:\/\/ftl-auerbach.lima-city.de\/Hubo\/?page_id=121"},"modified":"2020-06-26T20:38:48","modified_gmt":"2020-06-26T18:38:48","slug":"hubo-2-01","status":"publish","type":"page","link":"https:\/\/ftl-auerbach.lima-city.de\/Hubo\/hubo-hardware\/hubo-2-01\/","title":{"rendered":"Hubo 2.01"},"content":{"rendered":"<p><strong>Hubo Maxi Rev. 2.01 &#8211; f\u00fcr den Extremeinsatz<\/strong><\/p>\n<div id=\"attachment_123\" style=\"width: 310px\" class=\"wp-caption alignright\"><a href=\"http:\/\/ftl-auerbach.lima-city.de\/Hubo\/wp-content\/uploads\/2015\/11\/Hubo_Rev._2.01.00_ohne_Rahmen.jpg\"><img aria-describedby=\"caption-attachment-123\" loading=\"lazy\" class=\"wp-image-123 size-medium\" src=\"http:\/\/ftl-auerbach.lima-city.de\/Hubo\/wp-content\/uploads\/2015\/11\/Hubo_Rev._2.01.00_ohne_Rahmen-300x260.jpg\" alt=\"Raspberry Pi IO Board Hubo Maxi Rev. 2.01\" width=\"300\" height=\"260\" srcset=\"https:\/\/ftl-auerbach.lima-city.de\/Hubo\/wp-content\/uploads\/2015\/11\/Hubo_Rev._2.01.00_ohne_Rahmen-300x260.jpg 300w, https:\/\/ftl-auerbach.lima-city.de\/Hubo\/wp-content\/uploads\/2015\/11\/Hubo_Rev._2.01.00_ohne_Rahmen-768x664.jpg 768w, https:\/\/ftl-auerbach.lima-city.de\/Hubo\/wp-content\/uploads\/2015\/11\/Hubo_Rev._2.01.00_ohne_Rahmen-150x130.jpg 150w, https:\/\/ftl-auerbach.lima-city.de\/Hubo\/wp-content\/uploads\/2015\/11\/Hubo_Rev._2.01.00_ohne_Rahmen-173x150.jpg 173w, https:\/\/ftl-auerbach.lima-city.de\/Hubo\/wp-content\/uploads\/2015\/11\/Hubo_Rev._2.01.00_ohne_Rahmen-600x519.jpg 600w, https:\/\/ftl-auerbach.lima-city.de\/Hubo\/wp-content\/uploads\/2015\/11\/Hubo_Rev._2.01.00_ohne_Rahmen-76x66.jpg 76w, https:\/\/ftl-auerbach.lima-city.de\/Hubo\/wp-content\/uploads\/2015\/11\/Hubo_Rev._2.01.00_ohne_Rahmen-257x222.jpg 257w, https:\/\/ftl-auerbach.lima-city.de\/Hubo\/wp-content\/uploads\/2015\/11\/Hubo_Rev._2.01.00_ohne_Rahmen-512x443.jpg 512w, https:\/\/ftl-auerbach.lima-city.de\/Hubo\/wp-content\/uploads\/2015\/11\/Hubo_Rev._2.01.00_ohne_Rahmen.jpg 949w\" sizes=\"(max-width: 300px) 100vw, 300px\" \/><\/a><p id=\"caption-attachment-123\" class=\"wp-caption-text\">Hubo Rev. 2.01<\/p><\/div>\n<p>Die Hardware Revision 2.01 bietet die folgenden Funktionen:<\/p>\n<ul>\n<li>SMD-Ausf\u00fchrung (bereits vorbest\u00fcckt) mit getrenntem AGND<\/li>\n<li>7 x analoge Eing\u00e4nge und 12 Bit Aufl\u00f6sung (entspricht 0,61mV)<\/li>\n<li>8 x digitale Eing\u00e4nge<\/li>\n<li>4 x digitale Relaisausg\u00e4nge 5A 250VAC<\/li>\n<li>3 (4) x Open Collector Ausg\u00e4nge 500mA\/50V (bei Verzicht auf den 1wire Ausgang stehen 4 Open Collector Ausg\u00e4nge zur Verf\u00fcgung)<\/li>\n<li>1 x 1wire Ausgang<\/li>\n<li>1 x Steckoption f\u00fcr Real Time Clock Modul DS3231<\/li>\n<li>1 x Steckoption f\u00fcr 8 Kanal Lastrelaiskarte 10A, 250VAC<\/li>\n<li>1 x I2C Ausgang zur Kaskadierung weiterer Module<\/li>\n<li>Polyfuse Sicherung gegen Kurzschl\u00fcsse<\/li>\n<li>\u00dcberspannungsschutz des 1wire Buses<\/li>\n<li>Varistorbest\u00fcckoption zum Schutz der Relaiskontakte<\/li>\n<li>Spannungsteileroption zur \u00dcberwachung der Versorgungsspannung<\/li>\n<li>kompatibel zu den Rasperry Pi Modellen Zero, A+, B, B+, 2 Model B, 3 Model B und 4 Model B<\/li>\n<\/ul>\n<p>Hubo 2.01 wurde entwickelt, um in sehr &#8222;rauhen&#8220; Umgebungen eingesetzt werden zu k\u00f6nnen. So wurde der Analogteil konsequent vom Digitalteil getrennt und auf die Oberseite der Platine verlegt. Die Unterseite stellt mit ihrer ann\u00e4hernd durchgehenden Groundfl\u00e4che einen Schirm f\u00fcr darunter auftretende St\u00f6rungen dar. Die Kaskadierung von bis zu 3 weiteren Slavemodulen erfolgt entweder per Flachbandkabel oder \u00fcber die Schraubklemmen.<\/p>\n<p>Einen allgemeinen \u00dcberblick \u00fcber die verschiedenen Hardwarevarianten Hubos finden sie <a href=\"http:\/\/ftl-auerbach.lima-city.de\/Hubo\/?p=15\">hier<\/a>.<\/p>\n<p>Hubo Maxi Rev. 2.01 ist aufgrund der SMD Vorbest\u00fcckung (im Gegensatz zu den bedrahteten Varianten) nicht als &#8222;Digital&#8220; lieferbar.<\/p>\n","protected":false},"excerpt":{"rendered":"<p>Hubo Maxi Rev. 2.01 &#8211; f\u00fcr den Extremeinsatz Die Hardware Revision 2.01 bietet die folgenden Funktionen: SMD-Ausf\u00fchrung (bereits vorbest\u00fcckt) mit getrenntem AGND 7 x analoge Eing\u00e4nge und 12 Bit Aufl\u00f6sung (entspricht 0,61mV) 8 x digitale Eing\u00e4nge 4 x digitale Relaisausg\u00e4nge 5A 250VAC 3 (4) x Open Collector Ausg\u00e4nge 500mA\/50V (bei\u2026<\/p>\n<p> <a class=\"continue-reading-link\" href=\"https:\/\/ftl-auerbach.lima-city.de\/Hubo\/hubo-hardware\/hubo-2-01\/\"><span>Continue reading<\/span><i class=\"crycon-right-dir\"><\/i><\/a> <\/p>\n","protected":false},"author":1,"featured_media":0,"parent":15,"menu_order":0,"comment_status":"closed","ping_status":"closed","template":"","meta":[],"_links":{"self":[{"href":"https:\/\/ftl-auerbach.lima-city.de\/Hubo\/wp-json\/wp\/v2\/pages\/121"}],"collection":[{"href":"https:\/\/ftl-auerbach.lima-city.de\/Hubo\/wp-json\/wp\/v2\/pages"}],"about":[{"href":"https:\/\/ftl-auerbach.lima-city.de\/Hubo\/wp-json\/wp\/v2\/types\/page"}],"author":[{"embeddable":true,"href":"https:\/\/ftl-auerbach.lima-city.de\/Hubo\/wp-json\/wp\/v2\/users\/1"}],"replies":[{"embeddable":true,"href":"https:\/\/ftl-auerbach.lima-city.de\/Hubo\/wp-json\/wp\/v2\/comments?post=121"}],"version-history":[{"count":14,"href":"https:\/\/ftl-auerbach.lima-city.de\/Hubo\/wp-json\/wp\/v2\/pages\/121\/revisions"}],"predecessor-version":[{"id":1536,"href":"https:\/\/ftl-auerbach.lima-city.de\/Hubo\/wp-json\/wp\/v2\/pages\/121\/revisions\/1536"}],"up":[{"embeddable":true,"href":"https:\/\/ftl-auerbach.lima-city.de\/Hubo\/wp-json\/wp\/v2\/pages\/15"}],"wp:attachment":[{"href":"https:\/\/ftl-auerbach.lima-city.de\/Hubo\/wp-json\/wp\/v2\/media?parent=121"}],"curies":[{"name":"wp","href":"https:\/\/api.w.org\/{rel}","templated":true}]}}