{"id":1189,"date":"2017-12-29T19:52:30","date_gmt":"2017-12-29T18:52:30","guid":{"rendered":"http:\/\/ftl-auerbach.lima-city.de\/Hubo\/?page_id=1189"},"modified":"2019-03-06T16:56:58","modified_gmt":"2019-03-06T15:56:58","slug":"codesys-package","status":"publish","type":"page","link":"https:\/\/ftl-auerbach.lima-city.de\/Hubo\/download-pages\/codesys-package\/","title":{"rendered":"CODESYS Package"},"content":{"rendered":"<p>Unter CODESYS werden Updates f\u00fcr Treiber, Hilfe, Demoprogramme u.a. in Form sogenannter Packages bereitgestellt und mittels des in der Entwicklungsumgebung integrierten Paketmanagers versionsabh\u00e4ngig installiert. Somit kann \u00fcber die Entwicklungsumgebung eine Vielzahl verschiedener Softwareversionen f\u00fcr die unterschiedlichen SPS-Ger\u00e4te im Netzwerk verwaltet werden.<\/p>\n<p>Anbei finden Sie die Downloadlinks der aktuell unterst\u00fctzten Packages f\u00fcr den Raspberry Pi:<\/p>\n<ul>\n<li>CODESYS 3.5 SP12 (CODESYS Control for Raspberry PI 3.5.12.0.package): <a href=\"http:\/\/ftl-auerbach.lima-city.de\/Hubo\/download\/1274\/\" rel=\"noopener\">Hubo_for_Codesys_V1_0_0.package<\/a> (beinhaltet <strong>Treiber, Hilfe,<\/strong> Demos)<\/li>\n<li>CODESYS 3.5 SP14 (CODESYS Control for Raspberry PI 3.5.14.10.package): <a href=\"http:\/\/ftl-auerbach.lima-city.de\/Hubo\/download\/1414\/\" rel=\"noopener\">Hubo_Demos_for_CODESYS_3.5_SP14<\/a> (beinhaltet <strong>aktualisierte Demos<\/strong> f\u00fcr CODESYS 3.5 SP14 Patch 1)<\/li>\n<\/ul>\n<p>Sollten Sie vorab einen Blick auf die Online-Hilfe der Library werfen wollen, so k\u00f6nnen Sie diese <a href=\"http:\/\/ftl-auerbach.lima-city.de\/Hubo\/download\/1272\/\" rel=\"noopener\">&gt;&gt;&gt; hier &lt;&lt;&lt;<\/a> herunterladen. Die Hilfe ist Bestandteil des Treiber-Packages und wird bei der Paketinstallation automatisch mit installiert.<\/p>\n<p>&nbsp;<\/p>\n<p><strong>Hilfestellung zur Aktualisierung von CODESYS<\/strong><\/p>\n<p>Bei einer Aktualisierung von CODESYS einschlie\u00dflich Runtime und Bibliotheken auf eine neuere Version kommt es zuweilen vor, da\u00df nicht alle Projektreferenzen automatisch aufgel\u00f6st und aktualisiert werden k\u00f6nnen. Dies \u00e4u\u00dfert sich zumeist in Fehlern beim Compilieren der Projekte.<\/p>\n<p>In solch einem Fall ist es hilfreich, zun\u00e4chst ein leeres Projekt unter der neuen CODESYS Installation zu erzeugen und dann die bestehenden Codedateien per Drag &amp; Drop in das neue Projekt zu ziehen. Eventuell verbliebene nicht aufgel\u00f6ste Bibliotheksreferenzen k\u00f6nnen dann in der Regel \u00fcber den Bibliotheksverwalter nachgeladen werden. Weitere Projekteinstellungen, z.B. zu den I2C und SPI Busmastern bzw. der Taskverwaltung, m\u00fcssen dann von Hand nachgetragen werden.<\/p>\n<p>Bei einer Verwendung von CODESYS 3.5 SP14 empfehlen wir zun\u00e4chst die Installation des o.g. Treiberpackages ohne die darin befindlichen Demos. Diese k\u00f6nnen bei der Installation abgew\u00e4hlt werden. Im Anschlu\u00df entpacken Sie die aktualisierten Demos in ein Vezeichnis Ihrer Wahl und laden diese wie \u00fcblich.<\/p>\n<p>&nbsp;<\/p>\n<p>Bitte beachten Sie unsere <a href=\"http:\/\/ftl-auerbach.lima-city.de\/Hubo\/?p=173\">Nutzungsbedingungen zur unentgeltlichen \u00dcberlassung von Software<\/a> sowie unsere <a href=\"http:\/\/ftl-auerbach.lima-city.de\/Hubo\/?p=8\">Datenschutzrichtlinie<\/a>.<\/p>\n","protected":false},"excerpt":{"rendered":"<p>Unter CODESYS werden Updates f\u00fcr Treiber, Hilfe, Demoprogramme u.a. in Form sogenannter Packages bereitgestellt und mittels des in der Entwicklungsumgebung integrierten Paketmanagers versionsabh\u00e4ngig installiert. Somit kann \u00fcber die Entwicklungsumgebung eine Vielzahl verschiedener Softwareversionen f\u00fcr die unterschiedlichen SPS-Ger\u00e4te im Netzwerk verwaltet werden. Anbei finden Sie die Downloadlinks der aktuell unterst\u00fctzten Packages\u2026<\/p>\n<p> <a class=\"continue-reading-link\" href=\"https:\/\/ftl-auerbach.lima-city.de\/Hubo\/download-pages\/codesys-package\/\"><span>Continue reading<\/span><i class=\"crycon-right-dir\"><\/i><\/a> <\/p>\n","protected":false},"author":1,"featured_media":0,"parent":173,"menu_order":0,"comment_status":"closed","ping_status":"closed","template":"","meta":[],"_links":{"self":[{"href":"https:\/\/ftl-auerbach.lima-city.de\/Hubo\/wp-json\/wp\/v2\/pages\/1189"}],"collection":[{"href":"https:\/\/ftl-auerbach.lima-city.de\/Hubo\/wp-json\/wp\/v2\/pages"}],"about":[{"href":"https:\/\/ftl-auerbach.lima-city.de\/Hubo\/wp-json\/wp\/v2\/types\/page"}],"author":[{"embeddable":true,"href":"https:\/\/ftl-auerbach.lima-city.de\/Hubo\/wp-json\/wp\/v2\/users\/1"}],"replies":[{"embeddable":true,"href":"https:\/\/ftl-auerbach.lima-city.de\/Hubo\/wp-json\/wp\/v2\/comments?post=1189"}],"version-history":[{"count":12,"href":"https:\/\/ftl-auerbach.lima-city.de\/Hubo\/wp-json\/wp\/v2\/pages\/1189\/revisions"}],"predecessor-version":[{"id":1422,"href":"https:\/\/ftl-auerbach.lima-city.de\/Hubo\/wp-json\/wp\/v2\/pages\/1189\/revisions\/1422"}],"up":[{"embeddable":true,"href":"https:\/\/ftl-auerbach.lima-city.de\/Hubo\/wp-json\/wp\/v2\/pages\/173"}],"wp:attachment":[{"href":"https:\/\/ftl-auerbach.lima-city.de\/Hubo\/wp-json\/wp\/v2\/media?parent=1189"}],"curies":[{"name":"wp","href":"https:\/\/api.w.org\/{rel}","templated":true}]}}